{"id":9736223,"date":"2026-04-22T18:28:35","date_gmt":"2026-04-22T16:28:35","guid":{"rendered":"https:\/\/www.eosbooks.ch\/produkt\/calvin-jean-commentaires-de-m-jehan-calvin-sur-toutes-les-epistres-de-lapostre-s-paul\/"},"modified":"2026-04-22T18:28:35","modified_gmt":"2026-04-22T16:28:35","slug":"calvin-jean-commentaires-de-m-jehan-calvin-sur-toutes-les-epistres-de-lapostre-s-paul","status":"publish","type":"product","link":"https:\/\/www.eosbooks.ch\/en\/produkt\/calvin-jean-commentaires-de-m-jehan-calvin-sur-toutes-les-epistres-de-lapostre-s-paul\/","title":{"rendered":"Calvin, Jean:  Commentaires de M. Jehan Calvin sur toutes les Epistres de l?apostre S. Paul."},"content":{"rendered":"<p><span class=\"autor\"> Calvin, Jean: <\/span>\u00a0<span class=\"titel\" style=\"font-size: 1em\">Commentaires de M. Jehan Calvin sur toutes les Epistres de l?apostre S. Paul.<\/span><span style=\"font-size: 1em\"> Et aussi sur l&#8217;Epistre aux H\u00e9brieux; item, sur les Epistres canoniques de S. Pierre, S. Jehan, S. Jaques, et S. Jude, autrement appel\u00e9es catholiques. En lisant et conferant ceste edition avec les autres, vous cognoistrez \u00e9videmment que l?autheur a le tout reveu &#038; augment\u00e9, &#038; que la traduction du texte est comme r\u00e9duite en sa perfection. Gen\u00e8ve, Imprim\u00e9 par Conrad Badius, 1561. 8\u00b0. 595, (22), (1) Bl. Etwas sp\u00e4terer Lederband mit reicher Deckelvergoldung sowie dreiseitig gepr\u00e4gtem Goldschnitt.<\/span><\/p>\n<p class=\"kommentar1\">Sp\u00e4tere, ca 4. Ausgabe. \u2013 Der Einband leicht berieben. Das Papier sauber. Der Text mit feinen roten Tuschlinienen eingerahmt. (Sprache: Franz\u00f6sisch \/ Fran\u00e7ais \/ French)<\/p>\n<p>+ Wichtig: F\u00fcr unsere Kunden in der EU erfolgt der Versand alle 14 Tage verzollt ab Deutschland \/ Postbank-Konto in Deutschland vorhanden +<\/p>\n<p>Frage zu diesem Artikel\/der Abbildung &#8211; <a href=\"mailto:orders@eosbooks.ch?subject=Eine Frage zu dem Artikel\/der Abbildung 8210CB\">Kontakt<\/a>?<br \/>\n<span class=\"schlagwort\">Theologie \u2013 Religionen \/ Theology \u2013 Religions, Reformation<\/span><\/p>\n<div class=\"shariff shariff-align-left shariff-widget-align-left\"><div class=\"ShariffHeadline\"><hr><\/div><ul class=\"shariff-buttons theme-round orientation-horizontal buttonsize-medium\"><li class=\"shariff-button facebook shariff-nocustomcolor\" style=\"background-color:#4273c8\"><a href=\"https:\/\/www.facebook.com\/sharer\/sharer.php?u=https%3A%2F%2Fwww.eosbooks.ch%2Fen%2Fprodukt%2Fcalvin-jean-commentaires-de-m-jehan-calvin-sur-toutes-les-epistres-de-lapostre-s-paul%2F\" title=\"Bei Facebook teilen\" aria-label=\"Bei Facebook teilen\" role=\"button\" rel=\"nofollow\" class=\"shariff-link\" style=\"; background-color:#3b5998; color:#fff\" target=\"_blank\"><span class=\"shariff-icon\" style=\"\"><svg width=\"32px\" height=\"20px\" xmlns=\"http:\/\/www.w3.org\/2000\/svg\" viewBox=\"0 0 18 32\"><path fill=\"#3b5998\" d=\"M17.1 0.2v4.7h-2.8q-1.5 0-2.1 0.6t-0.5 1.9v3.4h5.2l-0.7 5.3h-4.5v13.6h-5.5v-13.6h-4.5v-5.3h4.5v-3.9q0-3.3 1.9-5.2t5-1.8q2.6 0 4.1 0.2z\"\/><\/svg><\/span><\/a><\/li><li class=\"shariff-button twitter shariff-nocustomcolor\" style=\"background-color:#595959\"><a href=\"https:\/\/twitter.com\/share?url=https%3A%2F%2Fwww.eosbooks.ch%2Fen%2Fprodukt%2Fcalvin-jean-commentaires-de-m-jehan-calvin-sur-toutes-les-epistres-de-lapostre-s-paul%2F&text=Calvin%2C%20Jean%3A%20%20Commentaires%20de%20M.%20Jehan%20Calvin%20sur%20toutes%20les%20Epistres%20de%20l%3Fapostre%20S.%20Paul.\" title=\"Bei X teilen\" aria-label=\"Bei X teilen\" role=\"button\" rel=\"noopener nofollow\" class=\"shariff-link\" style=\"; background-color:#000; color:#fff\" target=\"_blank\"><span class=\"shariff-icon\" style=\"\"><svg width=\"32px\" height=\"20px\" xmlns=\"http:\/\/www.w3.org\/2000\/svg\" viewBox=\"0 0 24 24\"><path fill=\"#000\" d=\"M14.258 10.152L23.176 0h-2.113l-7.747 8.813L7.133 0H0l9.352 13.328L0 23.973h2.113l8.176-9.309 6.531 9.309h7.133zm-2.895 3.293l-.949-1.328L2.875 1.56h3.246l6.086 8.523.945 1.328 7.91 11.078h-3.246zm0 0\"\/><\/svg><\/span><\/a><\/li><li class=\"shariff-button linkedin shariff-nocustomcolor\" style=\"background-color:#1488bf\"><a href=\"https:\/\/www.linkedin.com\/sharing\/share-offsite\/?url=https%3A%2F%2Fwww.eosbooks.ch%2Fen%2Fprodukt%2Fcalvin-jean-commentaires-de-m-jehan-calvin-sur-toutes-les-epistres-de-lapostre-s-paul%2F\" title=\"Bei LinkedIn teilen\" aria-label=\"Bei LinkedIn teilen\" role=\"button\" rel=\"noopener nofollow\" class=\"shariff-link\" style=\"; background-color:#0077b5; color:#fff\" target=\"_blank\"><span class=\"shariff-icon\" style=\"\"><svg width=\"32px\" height=\"20px\" xmlns=\"http:\/\/www.w3.org\/2000\/svg\" viewBox=\"0 0 27 32\"><path fill=\"#0077b5\" d=\"M6.2 11.2v17.7h-5.9v-17.7h5.9zM6.6 5.7q0 1.3-0.9 2.2t-2.4 0.9h0q-1.5 0-2.4-0.9t-0.9-2.2 0.9-2.2 2.4-0.9 2.4 0.9 0.9 2.2zM27.4 18.7v10.1h-5.9v-9.5q0-1.9-0.7-2.9t-2.3-1.1q-1.1 0-1.9 0.6t-1.2 1.5q-0.2 0.5-0.2 1.4v9.9h-5.9q0-7.1 0-11.6t0-5.3l0-0.9h5.9v2.6h0q0.4-0.6 0.7-1t1-0.9 1.6-0.8 2-0.3q3 0 4.9 2t1.9 6z\"\/><\/svg><\/span><\/a><\/li><\/ul><\/div>","protected":false},"excerpt":{"rendered":"<p>Calvin, Jean: \u00a0Commentaires de M. Jehan Calvin sur toutes les Epistres de l?apostre S. Paul. Et aussi sur l&#8217;Epistre aux H\u00e9brieux; item, sur les Epistres canoniques de S. Pierre, S. Jehan, S. Jaques, et S. Jude, autrement appel\u00e9es catholiques. En lisant et conferant ceste edition avec les autres, vous cognoistrez \u00e9videmment que l?autheur a le [&hellip;]<\/p>\n","protected":false},"featured_media":0,"comment_status":"closed","ping_status":"closed","template":"","meta":[],"product_brand":[],"product_cat":[791],"product_tag":[],"class_list":{"0":"post-9736223","1":"product","2":"type-product","3":"status-publish","5":"product_cat-theologie-religionen-theology-religions","7":"first","8":"instock","9":"taxable","10":"shipping-taxable","11":"purchasable","12":"product-type-simple"},"aioseo_notices":[],"_links":{"self":[{"href":"https:\/\/www.eosbooks.ch\/en\/wp-json\/wp\/v2\/product\/9736223","targetHints":{"allow":["GET"]}}],"collection":[{"href":"https:\/\/www.eosbooks.ch\/en\/wp-json\/wp\/v2\/product"}],"about":[{"href":"https:\/\/www.eosbooks.ch\/en\/wp-json\/wp\/v2\/types\/product"}],"replies":[{"embeddable":true,"href":"https:\/\/www.eosbooks.ch\/en\/wp-json\/wp\/v2\/comments?post=9736223"}],"wp:attachment":[{"href":"https:\/\/www.eosbooks.ch\/en\/wp-json\/wp\/v2\/media?parent=9736223"}],"wp:term":[{"taxonomy":"product_brand","embeddable":true,"href":"https:\/\/www.eosbooks.ch\/en\/wp-json\/wp\/v2\/product_brand?post=9736223"},{"taxonomy":"product_cat","embeddable":true,"href":"https:\/\/www.eosbooks.ch\/en\/wp-json\/wp\/v2\/product_cat?post=9736223"},{"taxonomy":"product_tag","embeddable":true,"href":"https:\/\/www.eosbooks.ch\/en\/wp-json\/wp\/v2\/product_tag?post=9736223"}],"curies":[{"name":"wp","href":"https:\/\/api.w.org\/{rel}","templated":true}]}}

<p><span class="autor"> Calvin, Jean: </span> <span class="titel" style="font-size: 1em">Commentaires de M. Jehan Calvin sur toutes les Epistres de l?apostre S. Paul.</span><span style="font-size: 1em"> Et aussi sur l&#8217;Epistre aux Hébrieux; item, sur les Epistres canoniques de S. Pierre, S. Jehan, S. Jaques, et S. Jude, autrement appelées catholiques. En lisant et conferant ceste edition avec les autres, vous cognoistrez évidemment que l?autheur a le tout reveu &#038; augmenté, &#038; que la traduction du texte est comme réduite en sa perfection. Genève, Imprimé par Conrad Badius, 1561. 8°. 595, (22), (1) Bl. Etwas späterer Lederband mit reicher Deckelvergoldung sowie dreiseitig geprägtem Goldschnitt.</span></p>
<p class="kommentar1">Spätere, ca 4. Ausgabe. – Der Einband leicht berieben. Das Papier sauber. Der Text mit feinen roten Tuschlinienen eingerahmt. (Sprache: Französisch / Français / French)</p>
<p>+ Wichtig: Für unsere Kunden in der EU erfolgt der Versand alle 14 Tage verzollt ab Deutschland / Postbank-Konto in Deutschland vorhanden +</p>
<p>Frage zu diesem Artikel/der Abbildung &#8211; <a href="mailto:orders@eosbooks.ch?subject=Eine Frage zu dem Artikel/der Abbildung 8210CB">Kontakt</a>?<br />
<span class="schlagwort">Theologie – Religionen / Theology – Religions, Reformation</span></p>
<div class="shariff shariff-align-left shariff-widget-align-left"><div class="ShariffHeadline"><hr></div><ul class="shariff-buttons theme-round orientation-horizontal buttonsize-medium"><li class="shariff-button facebook shariff-nocustomcolor" style="background-color:#4273c8"><a href="https://www.facebook.com/sharer/sharer.php?u=https%3A%2F%2Fwww.eosbooks.ch%2Fen%2Fprodukt%2Fcalvin-jean-commentaires-de-m-jehan-calvin-sur-toutes-les-epistres-de-lapostre-s-paul%2F" title="Bei Facebook teilen" aria-label="Bei Facebook teilen" role="button" rel="nofollow" class="shariff-link" style="; background-color:#3b5998; color:#fff" target="_blank"><span class="shariff-icon" style=""><svg width="32px" height="20px" xmlns="http://www.w3.org/2000/svg" viewBox="0 0 18 32"><path fill="#3b5998" d="M17.1 0.2v4.7h-2.8q-1.5 0-2.1 0.6t-0.5 1.9v3.4h5.2l-0.7 5.3h-4.5v13.6h-5.5v-13.6h-4.5v-5.3h4.5v-3.9q0-3.3 1.9-5.2t5-1.8q2.6 0 4.1 0.2z"/></svg></span></a></li><li class="shariff-button twitter shariff-nocustomcolor" style="background-color:#595959"><a href="https://twitter.com/share?url=https%3A%2F%2Fwww.eosbooks.ch%2Fen%2Fprodukt%2Fcalvin-jean-commentaires-de-m-jehan-calvin-sur-toutes-les-epistres-de-lapostre-s-paul%2F&text=Calvin%2C%20Jean%3A%20%20Commentaires%20de%20M.%20Jehan%20Calvin%20sur%20toutes%20les%20Epistres%20de%20l%3Fapostre%20S.%20Paul." title="Bei X teilen" aria-label="Bei X teilen" role="button" rel="noopener nofollow" class="shariff-link" style="; background-color:#000; color:#fff" target="_blank"><span class="shariff-icon" style=""><svg width="32px" height="20px" xmlns="http://www.w3.org/2000/svg" viewBox="0 0 24 24"><path fill="#000" d="M14.258 10.152L23.176 0h-2.113l-7.747 8.813L7.133 0H0l9.352 13.328L0 23.973h2.113l8.176-9.309 6.531 9.309h7.133zm-2.895 3.293l-.949-1.328L2.875 1.56h3.246l6.086 8.523.945 1.328 7.91 11.078h-3.246zm0 0"/></svg></span></a></li><li class="shariff-button linkedin shariff-nocustomcolor" style="background-color:#1488bf"><a href="https://www.linkedin.com/sharing/share-offsite/?url=https%3A%2F%2Fwww.eosbooks.ch%2Fen%2Fprodukt%2Fcalvin-jean-commentaires-de-m-jehan-calvin-sur-toutes-les-epistres-de-lapostre-s-paul%2F" title="Bei LinkedIn teilen" aria-label="Bei LinkedIn teilen" role="button" rel="noopener nofollow" class="shariff-link" style="; background-color:#0077b5; color:#fff" target="_blank"><span class="shariff-icon" style=""><svg width="32px" height="20px" xmlns="http://www.w3.org/2000/svg" viewBox="0 0 27 32"><path fill="#0077b5" d="M6.2 11.2v17.7h-5.9v-17.7h5.9zM6.6 5.7q0 1.3-0.9 2.2t-2.4 0.9h0q-1.5 0-2.4-0.9t-0.9-2.2 0.9-2.2 2.4-0.9 2.4 0.9 0.9 2.2zM27.4 18.7v10.1h-5.9v-9.5q0-1.9-0.7-2.9t-2.3-1.1q-1.1 0-1.9 0.6t-1.2 1.5q-0.2 0.5-0.2 1.4v9.9h-5.9q0-7.1 0-11.6t0-5.3l0-0.9h5.9v2.6h0q0.4-0.6 0.7-1t1-0.9 1.6-0.8 2-0.3q3 0 4.9 2t1.9 6z"/></svg></span></a></li></ul></div>

<p>Calvin, Jean:  Commentaires de M. Jehan Calvin sur toutes les Epistres de l?apostre S. Paul. Et aussi sur l&#8217;Epistre aux Hébrieux; item, sur les Epistres canoniques de S. Pierre, S. Jehan, S. Jaques, et S. Jude, autrement appelées catholiques. En lisant et conferant ceste edition avec les autres, vous cognoistrez évidemment que l?autheur a le [&hellip;]</p>
