{"id":9734863,"date":"2026-04-22T02:27:44","date_gmt":"2026-04-22T00:27:44","guid":{"rendered":"https:\/\/www.eosbooks.ch\/produkt\/weilenmann-johann-jakob-aus-der-firnenwelt\/"},"modified":"2026-04-22T02:27:44","modified_gmt":"2026-04-22T00:27:44","slug":"weilenmann-johann-jakob-aus-der-firnenwelt","status":"publish","type":"product","link":"https:\/\/www.eosbooks.ch\/en\/produkt\/weilenmann-johann-jakob-aus-der-firnenwelt\/","title":{"rendered":"Weilenmann, Johann Jakob:  Aus der Firnenwelt."},"content":{"rendered":"<p><span class=\"autor\"> Weilenmann, Johann Jakob: <\/span>\u00a0<span class=\"titel\" style=\"font-size: 1em\">Aus der Firnenwelt.<\/span><span style=\"font-size: 1em\"> Gesammelte Schriften. Leipzig, Liebeskind, 1872\u20131877. 3 in 1 Band. 8\u00b0. IV, 369 (1) S.; (2), 377 (1) S.; (4), 422 (2) S. Mit fotogr. Portr\u00e4t und 1 mehrfach gef. Karte. Sp\u00e4terer Halblederband.<\/span><\/p>\n<p class=\"kommentar1\">Johann Jakob Weilenmann (1819\u20131896), Schweizer Alpinisten und Mitglied des Schweizer Alpen-Clubs, begann um 1850 mit dem Bergsteigen. Der vorliegende Sammelband vereint seine Schriften zur alpinen Erschlie\u00dfung der Schweiz und der angrenzenden Gebiete. Der erste Teil behandelt Touren vom Berner Oberland ins Wallis, darunter zahlreiche Pass\u00fcberg\u00e4nge sowie Besteigungen der Dufourspitze, des Besso im Val d\u2019Anniviers und die Erstbesteigung der Tour de Boussine. Der zweite Teil ist dem Engadin gewidmet und schildert Routen und Besteigungen u. a. am Piz Linard, Fluchthorn (Erstbesteigung), Piz Buin, Piz Tremoggia, Piz Roseg und Piz Plaschina. Im dritten Teil folgen Besteigungen und Touren in Graub\u00fcnden, Vorarlberg, dem \u00d6tztal und Tirol, mit R\u00fcckweg \u00fcber die Bergeller Alpen ins Wallis. Beschrieben werden hier u. a. Besteigungen des Matterhorns, des Dent Blanche und des Weisshorns bei Randa. \u2013 Mit 2 mont. Bl\u00e4ttern mit Notizen von Emil B\u00e4chler am Anfang und Schluss des Buches sowie einem Exlibris. Das Titelblatt st\u00e4rker gebr\u00e4unt. (Sprache: Deutsch \/ German)<\/p>\n<p>+ Wichtig: F\u00fcr unsere Kunden in der EU erfolgt der Versand alle 14 Tage verzollt ab Deutschland \/ Postbank-Konto in Deutschland vorhanden +<\/p>\n<p>Frage zu diesem Artikel\/der Abbildung &#8211; <a href=\"mailto:orders@eosbooks.ch?subject=Eine Frage zu dem Artikel\/der Abbildung 5898CB\">Kontakt<\/a>?<br \/>\n<span class=\"schlagwort\">Helvetica \u2013 Schweiz \/ Books and prints pertaining Switzerland, Alpinismus &#8211; Bergsteigen \/ Alpinism &#8211; Mountaineering<\/span><\/p>\n<div class=\"shariff shariff-align-left shariff-widget-align-left\"><div class=\"ShariffHeadline\"><hr><\/div><ul class=\"shariff-buttons theme-round orientation-horizontal buttonsize-medium\"><li class=\"shariff-button facebook shariff-nocustomcolor\" style=\"background-color:#4273c8\"><a href=\"https:\/\/www.facebook.com\/sharer\/sharer.php?u=https%3A%2F%2Fwww.eosbooks.ch%2Fen%2Fprodukt%2Fweilenmann-johann-jakob-aus-der-firnenwelt%2F\" title=\"Bei Facebook teilen\" aria-label=\"Bei Facebook teilen\" role=\"button\" rel=\"nofollow\" class=\"shariff-link\" style=\"; background-color:#3b5998; color:#fff\" target=\"_blank\"><span class=\"shariff-icon\" style=\"\"><svg width=\"32px\" height=\"20px\" xmlns=\"http:\/\/www.w3.org\/2000\/svg\" viewBox=\"0 0 18 32\"><path fill=\"#3b5998\" d=\"M17.1 0.2v4.7h-2.8q-1.5 0-2.1 0.6t-0.5 1.9v3.4h5.2l-0.7 5.3h-4.5v13.6h-5.5v-13.6h-4.5v-5.3h4.5v-3.9q0-3.3 1.9-5.2t5-1.8q2.6 0 4.1 0.2z\"\/><\/svg><\/span><\/a><\/li><li class=\"shariff-button twitter shariff-nocustomcolor\" style=\"background-color:#595959\"><a href=\"https:\/\/twitter.com\/share?url=https%3A%2F%2Fwww.eosbooks.ch%2Fen%2Fprodukt%2Fweilenmann-johann-jakob-aus-der-firnenwelt%2F&text=Weilenmann%2C%20Johann%20Jakob%3A%20%20Aus%20der%20Firnenwelt.\" title=\"Bei X teilen\" aria-label=\"Bei X teilen\" role=\"button\" rel=\"noopener nofollow\" class=\"shariff-link\" style=\"; background-color:#000; color:#fff\" target=\"_blank\"><span class=\"shariff-icon\" style=\"\"><svg width=\"32px\" height=\"20px\" xmlns=\"http:\/\/www.w3.org\/2000\/svg\" viewBox=\"0 0 24 24\"><path fill=\"#000\" d=\"M14.258 10.152L23.176 0h-2.113l-7.747 8.813L7.133 0H0l9.352 13.328L0 23.973h2.113l8.176-9.309 6.531 9.309h7.133zm-2.895 3.293l-.949-1.328L2.875 1.56h3.246l6.086 8.523.945 1.328 7.91 11.078h-3.246zm0 0\"\/><\/svg><\/span><\/a><\/li><li class=\"shariff-button linkedin shariff-nocustomcolor\" style=\"background-color:#1488bf\"><a href=\"https:\/\/www.linkedin.com\/sharing\/share-offsite\/?url=https%3A%2F%2Fwww.eosbooks.ch%2Fen%2Fprodukt%2Fweilenmann-johann-jakob-aus-der-firnenwelt%2F\" title=\"Bei LinkedIn teilen\" aria-label=\"Bei LinkedIn teilen\" role=\"button\" rel=\"noopener nofollow\" class=\"shariff-link\" style=\"; background-color:#0077b5; color:#fff\" target=\"_blank\"><span class=\"shariff-icon\" style=\"\"><svg width=\"32px\" height=\"20px\" xmlns=\"http:\/\/www.w3.org\/2000\/svg\" viewBox=\"0 0 27 32\"><path fill=\"#0077b5\" d=\"M6.2 11.2v17.7h-5.9v-17.7h5.9zM6.6 5.7q0 1.3-0.9 2.2t-2.4 0.9h0q-1.5 0-2.4-0.9t-0.9-2.2 0.9-2.2 2.4-0.9 2.4 0.9 0.9 2.2zM27.4 18.7v10.1h-5.9v-9.5q0-1.9-0.7-2.9t-2.3-1.1q-1.1 0-1.9 0.6t-1.2 1.5q-0.2 0.5-0.2 1.4v9.9h-5.9q0-7.1 0-11.6t0-5.3l0-0.9h5.9v2.6h0q0.4-0.6 0.7-1t1-0.9 1.6-0.8 2-0.3q3 0 4.9 2t1.9 6z\"\/><\/svg><\/span><\/a><\/li><\/ul><\/div>","protected":false},"excerpt":{"rendered":"<p>Weilenmann, Johann Jakob: \u00a0Aus der Firnenwelt. Gesammelte Schriften. Leipzig, Liebeskind, 1872\u20131877. 3 in 1 Band. 8\u00b0. IV, 369 (1) S.; (2), 377 (1) S.; (4), 422 (2) S. Mit fotogr. Portr\u00e4t und 1 mehrfach gef. Karte. Sp\u00e4terer Halblederband. Johann Jakob Weilenmann (1819\u20131896), Schweizer Alpinisten und Mitglied des Schweizer Alpen-Clubs, begann um 1850 mit dem Bergsteigen. [&hellip;]<\/p>\n","protected":false},"featured_media":0,"comment_status":"closed","ping_status":"closed","template":"","meta":[],"product_brand":[],"product_cat":[795],"product_tag":[],"class_list":{"0":"post-9734863","1":"product","2":"type-product","3":"status-publish","5":"product_cat-helvetica-schweiz-books-and-prints-pertaining-switzerland","7":"first","8":"instock","9":"taxable","10":"shipping-taxable","11":"purchasable","12":"product-type-simple"},"aioseo_notices":[],"_links":{"self":[{"href":"https:\/\/www.eosbooks.ch\/en\/wp-json\/wp\/v2\/product\/9734863","targetHints":{"allow":["GET"]}}],"collection":[{"href":"https:\/\/www.eosbooks.ch\/en\/wp-json\/wp\/v2\/product"}],"about":[{"href":"https:\/\/www.eosbooks.ch\/en\/wp-json\/wp\/v2\/types\/product"}],"replies":[{"embeddable":true,"href":"https:\/\/www.eosbooks.ch\/en\/wp-json\/wp\/v2\/comments?post=9734863"}],"wp:attachment":[{"href":"https:\/\/www.eosbooks.ch\/en\/wp-json\/wp\/v2\/media?parent=9734863"}],"wp:term":[{"taxonomy":"product_brand","embeddable":true,"href":"https:\/\/www.eosbooks.ch\/en\/wp-json\/wp\/v2\/product_brand?post=9734863"},{"taxonomy":"product_cat","embeddable":true,"href":"https:\/\/www.eosbooks.ch\/en\/wp-json\/wp\/v2\/product_cat?post=9734863"},{"taxonomy":"product_tag","embeddable":true,"href":"https:\/\/www.eosbooks.ch\/en\/wp-json\/wp\/v2\/product_tag?post=9734863"}],"curies":[{"name":"wp","href":"https:\/\/api.w.org\/{rel}","templated":true}]}}

<p><span class="autor"> Weilenmann, Johann Jakob: </span> <span class="titel" style="font-size: 1em">Aus der Firnenwelt.</span><span style="font-size: 1em"> Gesammelte Schriften. Leipzig, Liebeskind, 1872–1877. 3 in 1 Band. 8°. IV, 369 (1) S.; (2), 377 (1) S.; (4), 422 (2) S. Mit fotogr. Porträt und 1 mehrfach gef. Karte. Späterer Halblederband.</span></p>
<p class="kommentar1">Johann Jakob Weilenmann (1819–1896), Schweizer Alpinisten und Mitglied des Schweizer Alpen-Clubs, begann um 1850 mit dem Bergsteigen. Der vorliegende Sammelband vereint seine Schriften zur alpinen Erschließung der Schweiz und der angrenzenden Gebiete. Der erste Teil behandelt Touren vom Berner Oberland ins Wallis, darunter zahlreiche Passübergänge sowie Besteigungen der Dufourspitze, des Besso im Val d’Anniviers und die Erstbesteigung der Tour de Boussine. Der zweite Teil ist dem Engadin gewidmet und schildert Routen und Besteigungen u. a. am Piz Linard, Fluchthorn (Erstbesteigung), Piz Buin, Piz Tremoggia, Piz Roseg und Piz Plaschina. Im dritten Teil folgen Besteigungen und Touren in Graubünden, Vorarlberg, dem Ötztal und Tirol, mit Rückweg über die Bergeller Alpen ins Wallis. Beschrieben werden hier u. a. Besteigungen des Matterhorns, des Dent Blanche und des Weisshorns bei Randa. – Mit 2 mont. Blättern mit Notizen von Emil Bächler am Anfang und Schluss des Buches sowie einem Exlibris. Das Titelblatt stärker gebräunt. (Sprache: Deutsch / German)</p>
<p>+ Wichtig: Für unsere Kunden in der EU erfolgt der Versand alle 14 Tage verzollt ab Deutschland / Postbank-Konto in Deutschland vorhanden +</p>
<p>Frage zu diesem Artikel/der Abbildung &#8211; <a href="mailto:orders@eosbooks.ch?subject=Eine Frage zu dem Artikel/der Abbildung 5898CB">Kontakt</a>?<br />
<span class="schlagwort">Helvetica – Schweiz / Books and prints pertaining Switzerland, Alpinismus &#8211; Bergsteigen / Alpinism &#8211; Mountaineering</span></p>
<div class="shariff shariff-align-left shariff-widget-align-left"><div class="ShariffHeadline"><hr></div><ul class="shariff-buttons theme-round orientation-horizontal buttonsize-medium"><li class="shariff-button facebook shariff-nocustomcolor" style="background-color:#4273c8"><a href="https://www.facebook.com/sharer/sharer.php?u=https%3A%2F%2Fwww.eosbooks.ch%2Fen%2Fprodukt%2Fweilenmann-johann-jakob-aus-der-firnenwelt%2F" title="Bei Facebook teilen" aria-label="Bei Facebook teilen" role="button" rel="nofollow" class="shariff-link" style="; background-color:#3b5998; color:#fff" target="_blank"><span class="shariff-icon" style=""><svg width="32px" height="20px" xmlns="http://www.w3.org/2000/svg" viewBox="0 0 18 32"><path fill="#3b5998" d="M17.1 0.2v4.7h-2.8q-1.5 0-2.1 0.6t-0.5 1.9v3.4h5.2l-0.7 5.3h-4.5v13.6h-5.5v-13.6h-4.5v-5.3h4.5v-3.9q0-3.3 1.9-5.2t5-1.8q2.6 0 4.1 0.2z"/></svg></span></a></li><li class="shariff-button twitter shariff-nocustomcolor" style="background-color:#595959"><a href="https://twitter.com/share?url=https%3A%2F%2Fwww.eosbooks.ch%2Fen%2Fprodukt%2Fweilenmann-johann-jakob-aus-der-firnenwelt%2F&text=Weilenmann%2C%20Johann%20Jakob%3A%20%20Aus%20der%20Firnenwelt." title="Bei X teilen" aria-label="Bei X teilen" role="button" rel="noopener nofollow" class="shariff-link" style="; background-color:#000; color:#fff" target="_blank"><span class="shariff-icon" style=""><svg width="32px" height="20px" xmlns="http://www.w3.org/2000/svg" viewBox="0 0 24 24"><path fill="#000" d="M14.258 10.152L23.176 0h-2.113l-7.747 8.813L7.133 0H0l9.352 13.328L0 23.973h2.113l8.176-9.309 6.531 9.309h7.133zm-2.895 3.293l-.949-1.328L2.875 1.56h3.246l6.086 8.523.945 1.328 7.91 11.078h-3.246zm0 0"/></svg></span></a></li><li class="shariff-button linkedin shariff-nocustomcolor" style="background-color:#1488bf"><a href="https://www.linkedin.com/sharing/share-offsite/?url=https%3A%2F%2Fwww.eosbooks.ch%2Fen%2Fprodukt%2Fweilenmann-johann-jakob-aus-der-firnenwelt%2F" title="Bei LinkedIn teilen" aria-label="Bei LinkedIn teilen" role="button" rel="noopener nofollow" class="shariff-link" style="; background-color:#0077b5; color:#fff" target="_blank"><span class="shariff-icon" style=""><svg width="32px" height="20px" xmlns="http://www.w3.org/2000/svg" viewBox="0 0 27 32"><path fill="#0077b5" d="M6.2 11.2v17.7h-5.9v-17.7h5.9zM6.6 5.7q0 1.3-0.9 2.2t-2.4 0.9h0q-1.5 0-2.4-0.9t-0.9-2.2 0.9-2.2 2.4-0.9 2.4 0.9 0.9 2.2zM27.4 18.7v10.1h-5.9v-9.5q0-1.9-0.7-2.9t-2.3-1.1q-1.1 0-1.9 0.6t-1.2 1.5q-0.2 0.5-0.2 1.4v9.9h-5.9q0-7.1 0-11.6t0-5.3l0-0.9h5.9v2.6h0q0.4-0.6 0.7-1t1-0.9 1.6-0.8 2-0.3q3 0 4.9 2t1.9 6z"/></svg></span></a></li></ul></div>

<p>Weilenmann, Johann Jakob:  Aus der Firnenwelt. Gesammelte Schriften. Leipzig, Liebeskind, 1872–1877. 3 in 1 Band. 8°. IV, 369 (1) S.; (2), 377 (1) S.; (4), 422 (2) S. Mit fotogr. Porträt und 1 mehrfach gef. Karte. Späterer Halblederband. Johann Jakob Weilenmann (1819–1896), Schweizer Alpinisten und Mitglied des Schweizer Alpen-Clubs, begann um 1850 mit dem Bergsteigen. [&hellip;]</p>
