{"id":9688620,"date":"2026-04-29T02:27:23","date_gmt":"2026-04-29T00:27:23","guid":{"rendered":"https:\/\/www.eosbooks.ch\/produkt\/meyer-johann-jakob-und-ebel-johann-gottfried-voyage-pittoresque-dans-le-canton-des-grisons-en-suisse-vers-le-lac-majeur-et-le-lac-de-come\/"},"modified":"2026-04-29T02:27:23","modified_gmt":"2026-04-29T00:27:23","slug":"meyer-johann-jakob-und-ebel-johann-gottfried-voyage-pittoresque-dans-le-canton-des-grisons-en-suisse-vers-le-lac-majeur-et-le-lac-de-come","status":"publish","type":"product","link":"https:\/\/www.eosbooks.ch\/en\/produkt\/meyer-johann-jakob-und-ebel-johann-gottfried-voyage-pittoresque-dans-le-canton-des-grisons-en-suisse-vers-le-lac-majeur-et-le-lac-de-come\/","title":{"rendered":"Meyer, Johann Jakob und Ebel, Johann Gottfried:  Voyage pittoresque dans le Canton des Grisons en Suisse vers le lac Majeur et le lac de Come"},"content":{"rendered":"<p><span class=\"autor\"> Meyer, Johann Jakob und Ebel, Johann Gottfried: <\/span>\u00a0<span class=\"titel\" style=\"font-size: 1em\">Voyage pittoresque dans le Canton des Grisons en Suisse vers le lac Majeur et le lac de Come<\/span><span style=\"font-size: 1em\"> sur les grandes toutes nouvellement construites \u00e0 travers le Cols de Spl\u00fcgen et de Bernhardin en 32 planches. Z\u00fcrich, J. J. Meyer, 1827. Quer-4\u00b0 (21 x 29,5 cm). (4) 169 S. Mit 1 kol. Titelvignette, 32 kol. Aquatinta-Tafeln von J. J. Meyer, 6 (dv. 1 kl.) Umrissradierungen und 1 gest., gef. Karte von H. Keller (nach eigener Aufnahme). Halblederband der Zeit in Pappschuber.<\/span><\/p>\n<p class=\"kommentar1\">W\u00e4ber 332. \u2013 Lonchamp 2069. \u2013  Weber: Graub\u00fcnden in alten Ansichten Nr. 85. \u2013 Erste franz\u00f6sische (kleinere)Ausgabe. Die deutsche Originalausgabe erschien 1825\/26 ebenfalls in Z\u00fcrich. Die Ansichten gezeichnet nach der Natur vom Meilener Landschaftsmaler und Kupferstecher Johann Jakob Meyer (1787\u20131858), ge\u00e4tzt von Hegi, Rordorf, Meichelt und Bodmer. Komplett mit allen Umrissradierungen, diese zur Erkl\u00e4rung der Aquatinta-Tafeln mit deutsch-franz. Text. Meyer ein Sch\u00fcler Heinrich F\u00fcsslis zeichnete die prachtvollen Ansichten zwischen 1823 und 1824 w\u00e4hrend seinen Wanderungen von Chur durch den Kanton Graub\u00fcnden \u00fcber den Spl\u00fcgen, ins Tessin und Veltlin. Der Text von J. G. Ebel (1764\u20131830) mit ausf\u00fchrlichen Reisebeschreibungen, hiermit zugleich der letzte seiner erfolgreichen Serie von Reiseberichten, mit denen er Wesentliches in den Anf\u00e4ngen des schweizerischen Tourismusgeschehens beitrug. Die Ansichten entlang der neu gebauten Strassen zeigen u. a. Chur, Reichenau, Rh\u00e4z\u00fcns, Thusis, Viamala, Andeer, die Rofflaschlucht, das Misox, Bellinzona, Locarno, den Spl\u00fcgenpass, den Comersee und das Veltlin. Es erschien gleichzeitig eine gr\u00f6ssere franz\u00f6sische Ausgabe. \u2013 Wie meist fehlt der typographische Titel. Durchgehend etwas stockfleckig. Die Einbandecken und der R\u00fccken erneuert. Der Schuber berieben. (Sprache: Deutsch \/ German)<\/p>\n<p>+ Wichtig: F\u00fcr unsere Kunden in der EU erfolgt der Versand alle 14 Tage verzollt ab Deutschland \/ Postbank-Konto in Deutschland vorhanden +<\/p>\n<p>Frage zu diesem Artikel\/der Abbildung &#8211; <a href=\"mailto:orders@eosbooks.ch?subject=Eine Frage zu dem Artikel\/der Abbildung 1392DB\">Kontakt<\/a>?<br \/>\n<span class=\"schlagwort\">Helvetica \u2013 Schweiz \/ Books and prints pertaining Switzerland, Reisen \/ Geographie \u2013 Travel \/ Geography, Graub\u00fcnden Kanton &#8211; Raetica, Tessin Kanton \/ Ticino<\/span><\/p>\n<div class=\"shariff shariff-align-left shariff-widget-align-left\"><div class=\"ShariffHeadline\"><hr><\/div><ul class=\"shariff-buttons theme-round orientation-horizontal buttonsize-medium\"><li class=\"shariff-button facebook shariff-nocustomcolor\" style=\"background-color:#4273c8\"><a href=\"https:\/\/www.facebook.com\/sharer\/sharer.php?u=https%3A%2F%2Fwww.eosbooks.ch%2Fen%2Fprodukt%2Fmeyer-johann-jakob-und-ebel-johann-gottfried-voyage-pittoresque-dans-le-canton-des-grisons-en-suisse-vers-le-lac-majeur-et-le-lac-de-come%2F\" title=\"Bei Facebook teilen\" aria-label=\"Bei Facebook teilen\" role=\"button\" rel=\"nofollow\" class=\"shariff-link\" style=\"; background-color:#3b5998; color:#fff\" target=\"_blank\"><span class=\"shariff-icon\" style=\"\"><svg width=\"32px\" height=\"20px\" xmlns=\"http:\/\/www.w3.org\/2000\/svg\" viewBox=\"0 0 18 32\"><path fill=\"#3b5998\" d=\"M17.1 0.2v4.7h-2.8q-1.5 0-2.1 0.6t-0.5 1.9v3.4h5.2l-0.7 5.3h-4.5v13.6h-5.5v-13.6h-4.5v-5.3h4.5v-3.9q0-3.3 1.9-5.2t5-1.8q2.6 0 4.1 0.2z\"\/><\/svg><\/span><\/a><\/li><li class=\"shariff-button twitter shariff-nocustomcolor\" style=\"background-color:#595959\"><a href=\"https:\/\/twitter.com\/share?url=https%3A%2F%2Fwww.eosbooks.ch%2Fen%2Fprodukt%2Fmeyer-johann-jakob-und-ebel-johann-gottfried-voyage-pittoresque-dans-le-canton-des-grisons-en-suisse-vers-le-lac-majeur-et-le-lac-de-come%2F&text=Meyer%2C%20Johann%20Jakob%20und%20Ebel%2C%20Johann%20Gottfried%3A%20%20Voyage%20pittoresque%20dans%20le%20Canton%20des%20Grisons%20en%20Suisse%20vers%20le%20lac%20Majeur%20et%20le%20lac%20de%20Come\" title=\"Bei X teilen\" aria-label=\"Bei X teilen\" role=\"button\" rel=\"noopener nofollow\" class=\"shariff-link\" style=\"; background-color:#000; color:#fff\" target=\"_blank\"><span class=\"shariff-icon\" style=\"\"><svg width=\"32px\" height=\"20px\" xmlns=\"http:\/\/www.w3.org\/2000\/svg\" viewBox=\"0 0 24 24\"><path fill=\"#000\" d=\"M14.258 10.152L23.176 0h-2.113l-7.747 8.813L7.133 0H0l9.352 13.328L0 23.973h2.113l8.176-9.309 6.531 9.309h7.133zm-2.895 3.293l-.949-1.328L2.875 1.56h3.246l6.086 8.523.945 1.328 7.91 11.078h-3.246zm0 0\"\/><\/svg><\/span><\/a><\/li><li class=\"shariff-button linkedin shariff-nocustomcolor\" style=\"background-color:#1488bf\"><a href=\"https:\/\/www.linkedin.com\/sharing\/share-offsite\/?url=https%3A%2F%2Fwww.eosbooks.ch%2Fen%2Fprodukt%2Fmeyer-johann-jakob-und-ebel-johann-gottfried-voyage-pittoresque-dans-le-canton-des-grisons-en-suisse-vers-le-lac-majeur-et-le-lac-de-come%2F\" title=\"Bei LinkedIn teilen\" aria-label=\"Bei LinkedIn teilen\" role=\"button\" rel=\"noopener nofollow\" class=\"shariff-link\" style=\"; background-color:#0077b5; color:#fff\" target=\"_blank\"><span class=\"shariff-icon\" style=\"\"><svg width=\"32px\" height=\"20px\" xmlns=\"http:\/\/www.w3.org\/2000\/svg\" viewBox=\"0 0 27 32\"><path fill=\"#0077b5\" d=\"M6.2 11.2v17.7h-5.9v-17.7h5.9zM6.6 5.7q0 1.3-0.9 2.2t-2.4 0.9h0q-1.5 0-2.4-0.9t-0.9-2.2 0.9-2.2 2.4-0.9 2.4 0.9 0.9 2.2zM27.4 18.7v10.1h-5.9v-9.5q0-1.9-0.7-2.9t-2.3-1.1q-1.1 0-1.9 0.6t-1.2 1.5q-0.2 0.5-0.2 1.4v9.9h-5.9q0-7.1 0-11.6t0-5.3l0-0.9h5.9v2.6h0q0.4-0.6 0.7-1t1-0.9 1.6-0.8 2-0.3q3 0 4.9 2t1.9 6z\"\/><\/svg><\/span><\/a><\/li><\/ul><\/div>","protected":false},"excerpt":{"rendered":"<p>Meyer, Johann Jakob und Ebel, Johann Gottfried: \u00a0Voyage pittoresque dans le Canton des Grisons en Suisse vers le lac Majeur et le lac de Come sur les grandes toutes nouvellement construites \u00e0 travers le Cols de Spl\u00fcgen et de Bernhardin en 32 planches. Z\u00fcrich, J. J. Meyer, 1827. Quer-4\u00b0 (21 x 29,5 cm). (4) 169 [&hellip;]<\/p>\n","protected":false},"featured_media":9738459,"comment_status":"closed","ping_status":"closed","template":"","meta":[],"product_brand":[],"product_cat":[795,787],"product_tag":[],"class_list":{"0":"post-9688620","1":"product","2":"type-product","3":"status-publish","4":"has-post-thumbnail","6":"product_cat-helvetica-schweiz-books-and-prints-pertaining-switzerland","7":"product_cat-reisen-geographie-travel-geography","9":"first","10":"instock","11":"taxable","12":"shipping-taxable","13":"purchasable","14":"product-type-simple"},"aioseo_notices":[],"_links":{"self":[{"href":"https:\/\/www.eosbooks.ch\/en\/wp-json\/wp\/v2\/product\/9688620","targetHints":{"allow":["GET"]}}],"collection":[{"href":"https:\/\/www.eosbooks.ch\/en\/wp-json\/wp\/v2\/product"}],"about":[{"href":"https:\/\/www.eosbooks.ch\/en\/wp-json\/wp\/v2\/types\/product"}],"replies":[{"embeddable":true,"href":"https:\/\/www.eosbooks.ch\/en\/wp-json\/wp\/v2\/comments?post=9688620"}],"wp:featuredmedia":[{"embeddable":true,"href":"https:\/\/www.eosbooks.ch\/en\/wp-json\/wp\/v2\/media\/9738459"}],"wp:attachment":[{"href":"https:\/\/www.eosbooks.ch\/en\/wp-json\/wp\/v2\/media?parent=9688620"}],"wp:term":[{"taxonomy":"product_brand","embeddable":true,"href":"https:\/\/www.eosbooks.ch\/en\/wp-json\/wp\/v2\/product_brand?post=9688620"},{"taxonomy":"product_cat","embeddable":true,"href":"https:\/\/www.eosbooks.ch\/en\/wp-json\/wp\/v2\/product_cat?post=9688620"},{"taxonomy":"product_tag","embeddable":true,"href":"https:\/\/www.eosbooks.ch\/en\/wp-json\/wp\/v2\/product_tag?post=9688620"}],"curies":[{"name":"wp","href":"https:\/\/api.w.org\/{rel}","templated":true}]}}

<p><span class="autor"> Meyer, Johann Jakob und Ebel, Johann Gottfried: </span> <span class="titel" style="font-size: 1em">Voyage pittoresque dans le Canton des Grisons en Suisse vers le lac Majeur et le lac de Come</span><span style="font-size: 1em"> sur les grandes toutes nouvellement construites à travers le Cols de Splügen et de Bernhardin en 32 planches. Zürich, J. J. Meyer, 1827. Quer-4° (21 x 29,5 cm). (4) 169 S. Mit 1 kol. Titelvignette, 32 kol. Aquatinta-Tafeln von J. J. Meyer, 6 (dv. 1 kl.) Umrissradierungen und 1 gest., gef. Karte von H. Keller (nach eigener Aufnahme). Halblederband der Zeit in Pappschuber.</span></p>
<p class="kommentar1">Wäber 332. – Lonchamp 2069. –  Weber: Graubünden in alten Ansichten Nr. 85. – Erste französische (kleinere)Ausgabe. Die deutsche Originalausgabe erschien 1825/26 ebenfalls in Zürich. Die Ansichten gezeichnet nach der Natur vom Meilener Landschaftsmaler und Kupferstecher Johann Jakob Meyer (1787–1858), geätzt von Hegi, Rordorf, Meichelt und Bodmer. Komplett mit allen Umrissradierungen, diese zur Erklärung der Aquatinta-Tafeln mit deutsch-franz. Text. Meyer ein Schüler Heinrich Füsslis zeichnete die prachtvollen Ansichten zwischen 1823 und 1824 während seinen Wanderungen von Chur durch den Kanton Graubünden über den Splügen, ins Tessin und Veltlin. Der Text von J. G. Ebel (1764–1830) mit ausführlichen Reisebeschreibungen, hiermit zugleich der letzte seiner erfolgreichen Serie von Reiseberichten, mit denen er Wesentliches in den Anfängen des schweizerischen Tourismusgeschehens beitrug. Die Ansichten entlang der neu gebauten Strassen zeigen u. a. Chur, Reichenau, Rhäzüns, Thusis, Viamala, Andeer, die Rofflaschlucht, das Misox, Bellinzona, Locarno, den Splügenpass, den Comersee und das Veltlin. Es erschien gleichzeitig eine grössere französische Ausgabe. – Wie meist fehlt der typographische Titel. Durchgehend etwas stockfleckig. Die Einbandecken und der Rücken erneuert. Der Schuber berieben. (Sprache: Deutsch / German)</p>
<p>+ Wichtig: Für unsere Kunden in der EU erfolgt der Versand alle 14 Tage verzollt ab Deutschland / Postbank-Konto in Deutschland vorhanden +</p>
<p>Frage zu diesem Artikel/der Abbildung &#8211; <a href="mailto:orders@eosbooks.ch?subject=Eine Frage zu dem Artikel/der Abbildung 1392DB">Kontakt</a>?<br />
<span class="schlagwort">Helvetica – Schweiz / Books and prints pertaining Switzerland, Reisen / Geographie – Travel / Geography, Graubünden Kanton &#8211; Raetica, Tessin Kanton / Ticino</span></p>
<div class="shariff shariff-align-left shariff-widget-align-left"><div class="ShariffHeadline"><hr></div><ul class="shariff-buttons theme-round orientation-horizontal buttonsize-medium"><li class="shariff-button facebook shariff-nocustomcolor" style="background-color:#4273c8"><a href="https://www.facebook.com/sharer/sharer.php?u=https%3A%2F%2Fwww.eosbooks.ch%2Fen%2Fprodukt%2Fmeyer-johann-jakob-und-ebel-johann-gottfried-voyage-pittoresque-dans-le-canton-des-grisons-en-suisse-vers-le-lac-majeur-et-le-lac-de-come%2F" title="Bei Facebook teilen" aria-label="Bei Facebook teilen" role="button" rel="nofollow" class="shariff-link" style="; background-color:#3b5998; color:#fff" target="_blank"><span class="shariff-icon" style=""><svg width="32px" height="20px" xmlns="http://www.w3.org/2000/svg" viewBox="0 0 18 32"><path fill="#3b5998" d="M17.1 0.2v4.7h-2.8q-1.5 0-2.1 0.6t-0.5 1.9v3.4h5.2l-0.7 5.3h-4.5v13.6h-5.5v-13.6h-4.5v-5.3h4.5v-3.9q0-3.3 1.9-5.2t5-1.8q2.6 0 4.1 0.2z"/></svg></span></a></li><li class="shariff-button twitter shariff-nocustomcolor" style="background-color:#595959"><a href="https://twitter.com/share?url=https%3A%2F%2Fwww.eosbooks.ch%2Fen%2Fprodukt%2Fmeyer-johann-jakob-und-ebel-johann-gottfried-voyage-pittoresque-dans-le-canton-des-grisons-en-suisse-vers-le-lac-majeur-et-le-lac-de-come%2F&text=Meyer%2C%20Johann%20Jakob%20und%20Ebel%2C%20Johann%20Gottfried%3A%20%20Voyage%20pittoresque%20dans%20le%20Canton%20des%20Grisons%20en%20Suisse%20vers%20le%20lac%20Majeur%20et%20le%20lac%20de%20Come" title="Bei X teilen" aria-label="Bei X teilen" role="button" rel="noopener nofollow" class="shariff-link" style="; background-color:#000; color:#fff" target="_blank"><span class="shariff-icon" style=""><svg width="32px" height="20px" xmlns="http://www.w3.org/2000/svg" viewBox="0 0 24 24"><path fill="#000" d="M14.258 10.152L23.176 0h-2.113l-7.747 8.813L7.133 0H0l9.352 13.328L0 23.973h2.113l8.176-9.309 6.531 9.309h7.133zm-2.895 3.293l-.949-1.328L2.875 1.56h3.246l6.086 8.523.945 1.328 7.91 11.078h-3.246zm0 0"/></svg></span></a></li><li class="shariff-button linkedin shariff-nocustomcolor" style="background-color:#1488bf"><a href="https://www.linkedin.com/sharing/share-offsite/?url=https%3A%2F%2Fwww.eosbooks.ch%2Fen%2Fprodukt%2Fmeyer-johann-jakob-und-ebel-johann-gottfried-voyage-pittoresque-dans-le-canton-des-grisons-en-suisse-vers-le-lac-majeur-et-le-lac-de-come%2F" title="Bei LinkedIn teilen" aria-label="Bei LinkedIn teilen" role="button" rel="noopener nofollow" class="shariff-link" style="; background-color:#0077b5; color:#fff" target="_blank"><span class="shariff-icon" style=""><svg width="32px" height="20px" xmlns="http://www.w3.org/2000/svg" viewBox="0 0 27 32"><path fill="#0077b5" d="M6.2 11.2v17.7h-5.9v-17.7h5.9zM6.6 5.7q0 1.3-0.9 2.2t-2.4 0.9h0q-1.5 0-2.4-0.9t-0.9-2.2 0.9-2.2 2.4-0.9 2.4 0.9 0.9 2.2zM27.4 18.7v10.1h-5.9v-9.5q0-1.9-0.7-2.9t-2.3-1.1q-1.1 0-1.9 0.6t-1.2 1.5q-0.2 0.5-0.2 1.4v9.9h-5.9q0-7.1 0-11.6t0-5.3l0-0.9h5.9v2.6h0q0.4-0.6 0.7-1t1-0.9 1.6-0.8 2-0.3q3 0 4.9 2t1.9 6z"/></svg></span></a></li></ul></div>

<p>Meyer, Johann Jakob und Ebel, Johann Gottfried:  Voyage pittoresque dans le Canton des Grisons en Suisse vers le lac Majeur et le lac de Come sur les grandes toutes nouvellement construites à travers le Cols de Splügen et de Bernhardin en 32 planches. Zürich, J. J. Meyer, 1827. Quer-4° (21 x 29,5 cm). (4) 169 [&hellip;]</p>
