{"id":64537,"date":"2026-04-29T06:27:04","date_gmt":"2026-04-29T04:27:04","guid":{"rendered":"https:\/\/www.eosbooks.ch\/produkt\/alvarez-de-colmenar-juan-beschreyving-van-spanjen-en-portugal-waar-in-op-het-naauwkeurigste\/"},"modified":"2026-04-29T06:27:06","modified_gmt":"2026-04-29T04:27:06","slug":"alvarez-de-colmenar-juan-beschreyving-van-spanjen-en-portugal-waar-in-op-het-naauwkeurigste","status":"publish","type":"product","link":"https:\/\/www.eosbooks.ch\/en\/produkt\/alvarez-de-colmenar-juan-beschreyving-van-spanjen-en-portugal-waar-in-op-het-naauwkeurigste\/","title":{"rendered":"Alvarez de Colmenar, Juan:  Beschreyving van Spanjen en Portugal; Waar in, op het naauwkeurigste,"},"content":{"rendered":"<p><span class=\"autor\"> Alvarez de Colmenar, Juan: <\/span>\u00a0<span class=\"titel\" style=\"font-size: 1em\">Beschreyving van Spanjen en Portugal; Waar in, op het naauwkeurigste,<\/span><span style=\"font-size: 1em\"> al het geene, dat, zoo to opzigte van hunnen ouden, als tegenwordigen staat, aanmerkens-waardig &#8230; is &#8230; Leiden, Pieter vander Aa, 1707. 2\u00b0. (4) Bl., 80, 84, 128, 52, 56 S., (32) Bl. Register. Mit Kupfertitel, ganz Kupfer zur Widmung, 1 grossen gef. Karte, 1 gefl. Tafel, 164 Textkupfer.  Marmor. Lederband der Zeit., R\u00fccken reich vergoldet mit rotem R\u00fcckenschild, goldgepr. Supralibros.<\/span><\/p>\n<p class=\"kommentar1\">Cf. Brunet I, 206 (franz. Ausg.). \u2013 Erste holl\u00e4ndische Ausgabe, zeitgleich mit der franz\u00f6sischen \u00abLes d\u00e9lices de l&#8217; Espagne et du Portugal\u00bb. Die Karten und Ansichten wurden von Alvarez de Colmenar (fl. 1707\u20131741) vor Ort gezeichnet, die beiden ganzs. Kupfer und die Titelvignette stammen von Jan Goeree (1670\u20131731), die Textkupfer, welche Ansichten vieler St\u00e4dte bieten, sind nicht signiert. Das Werk bietet eine ausf\u00fchrliche Beschreibung beider L\u00e4nder, sowohl geschichtlich als auch geographisch und soll als \u00abWegweiser\u00bb sein f\u00fcr Reisende dienen. \u2013 Sch\u00f6nes Exemplar, vorderes Aussenglenk etwas defekt, Leder etwas berieben. Die erneuerten Vos\u00e4tze leimschattig. \u2013 Mit Exlibris Emanuel Stickelberger und Dietegen Stickelberger auf Vorsatz.  (Sprache: Niederl\u00e4ndisch \/ Nederlandse \/ Dutch)<\/p>\n<p>+ Wichtig: F\u00fcr unsere Kunden in der EU erfolgt der Versand alle 14 Tage verzollt ab Deutschland \/ Postbank-Konto in Deutschland vorhanden +<\/p>\n<p>Frage zu diesem Artikel\/der Abbildung &#8211; <a href=\"mailto:orders@eosbooks.ch?subject=Eine Frage zu dem Artikel\/der Abbildung 7337BB\">Kontakt<\/a>?<br \/>\n<span class=\"schlagwort\">Reisen \/ Geographie \u2013 Travel \/ Geography, Geschichte \/ History, Portugal, Spanien \/ Spain<\/span><\/p>\n<div class=\"shariff shariff-align-left shariff-widget-align-left\"><div class=\"ShariffHeadline\"><hr><\/div><ul class=\"shariff-buttons theme-round orientation-horizontal buttonsize-medium\"><li class=\"shariff-button facebook shariff-nocustomcolor\" style=\"background-color:#4273c8\"><a href=\"https:\/\/www.facebook.com\/sharer\/sharer.php?u=https%3A%2F%2Fwww.eosbooks.ch%2Fen%2Fprodukt%2Falvarez-de-colmenar-juan-beschreyving-van-spanjen-en-portugal-waar-in-op-het-naauwkeurigste%2F\" title=\"Bei Facebook teilen\" aria-label=\"Bei Facebook teilen\" role=\"button\" rel=\"nofollow\" class=\"shariff-link\" style=\"; background-color:#3b5998; color:#fff\" target=\"_blank\"><span class=\"shariff-icon\" style=\"\"><svg width=\"32px\" height=\"20px\" xmlns=\"http:\/\/www.w3.org\/2000\/svg\" viewBox=\"0 0 18 32\"><path fill=\"#3b5998\" d=\"M17.1 0.2v4.7h-2.8q-1.5 0-2.1 0.6t-0.5 1.9v3.4h5.2l-0.7 5.3h-4.5v13.6h-5.5v-13.6h-4.5v-5.3h4.5v-3.9q0-3.3 1.9-5.2t5-1.8q2.6 0 4.1 0.2z\"\/><\/svg><\/span><\/a><\/li><li class=\"shariff-button twitter shariff-nocustomcolor\" style=\"background-color:#595959\"><a href=\"https:\/\/twitter.com\/share?url=https%3A%2F%2Fwww.eosbooks.ch%2Fen%2Fprodukt%2Falvarez-de-colmenar-juan-beschreyving-van-spanjen-en-portugal-waar-in-op-het-naauwkeurigste%2F&text=Alvarez%20de%20Colmenar%2C%20Juan%3A%20%20Beschreyving%20van%20Spanjen%20en%20Portugal%3B%20Waar%20in%2C%20op%20het%20naauwkeurigste%2C\" title=\"Bei X teilen\" aria-label=\"Bei X teilen\" role=\"button\" rel=\"noopener nofollow\" class=\"shariff-link\" style=\"; background-color:#000; color:#fff\" target=\"_blank\"><span class=\"shariff-icon\" style=\"\"><svg width=\"32px\" height=\"20px\" xmlns=\"http:\/\/www.w3.org\/2000\/svg\" viewBox=\"0 0 24 24\"><path fill=\"#000\" d=\"M14.258 10.152L23.176 0h-2.113l-7.747 8.813L7.133 0H0l9.352 13.328L0 23.973h2.113l8.176-9.309 6.531 9.309h7.133zm-2.895 3.293l-.949-1.328L2.875 1.56h3.246l6.086 8.523.945 1.328 7.91 11.078h-3.246zm0 0\"\/><\/svg><\/span><\/a><\/li><li class=\"shariff-button linkedin shariff-nocustomcolor\" style=\"background-color:#1488bf\"><a href=\"https:\/\/www.linkedin.com\/sharing\/share-offsite\/?url=https%3A%2F%2Fwww.eosbooks.ch%2Fen%2Fprodukt%2Falvarez-de-colmenar-juan-beschreyving-van-spanjen-en-portugal-waar-in-op-het-naauwkeurigste%2F\" title=\"Bei LinkedIn teilen\" aria-label=\"Bei LinkedIn teilen\" role=\"button\" rel=\"noopener nofollow\" class=\"shariff-link\" style=\"; background-color:#0077b5; color:#fff\" target=\"_blank\"><span class=\"shariff-icon\" style=\"\"><svg width=\"32px\" height=\"20px\" xmlns=\"http:\/\/www.w3.org\/2000\/svg\" viewBox=\"0 0 27 32\"><path fill=\"#0077b5\" d=\"M6.2 11.2v17.7h-5.9v-17.7h5.9zM6.6 5.7q0 1.3-0.9 2.2t-2.4 0.9h0q-1.5 0-2.4-0.9t-0.9-2.2 0.9-2.2 2.4-0.9 2.4 0.9 0.9 2.2zM27.4 18.7v10.1h-5.9v-9.5q0-1.9-0.7-2.9t-2.3-1.1q-1.1 0-1.9 0.6t-1.2 1.5q-0.2 0.5-0.2 1.4v9.9h-5.9q0-7.1 0-11.6t0-5.3l0-0.9h5.9v2.6h0q0.4-0.6 0.7-1t1-0.9 1.6-0.8 2-0.3q3 0 4.9 2t1.9 6z\"\/><\/svg><\/span><\/a><\/li><\/ul><\/div>","protected":false},"excerpt":{"rendered":"<p>Alvarez de Colmenar, Juan: \u00a0Beschreyving van Spanjen en Portugal; Waar in, op het naauwkeurigste, al het geene, dat, zoo to opzigte van hunnen ouden, als tegenwordigen staat, aanmerkens-waardig &#8230; is &#8230; Leiden, Pieter vander Aa, 1707. 2\u00b0. (4) Bl., 80, 84, 128, 52, 56 S., (32) Bl. Register. Mit Kupfertitel, ganz Kupfer zur Widmung, 1 [&hellip;]<\/p>\n","protected":false},"featured_media":9738773,"comment_status":"closed","ping_status":"closed","template":"","meta":[],"product_brand":[],"product_cat":[787],"product_tag":[],"class_list":{"0":"post-64537","1":"product","2":"type-product","3":"status-publish","4":"has-post-thumbnail","6":"product_cat-reisen-geographie-travel-geography","8":"first","9":"instock","10":"taxable","11":"shipping-taxable","12":"purchasable","13":"product-type-simple"},"aioseo_notices":[],"_links":{"self":[{"href":"https:\/\/www.eosbooks.ch\/en\/wp-json\/wp\/v2\/product\/64537","targetHints":{"allow":["GET"]}}],"collection":[{"href":"https:\/\/www.eosbooks.ch\/en\/wp-json\/wp\/v2\/product"}],"about":[{"href":"https:\/\/www.eosbooks.ch\/en\/wp-json\/wp\/v2\/types\/product"}],"replies":[{"embeddable":true,"href":"https:\/\/www.eosbooks.ch\/en\/wp-json\/wp\/v2\/comments?post=64537"}],"wp:featuredmedia":[{"embeddable":true,"href":"https:\/\/www.eosbooks.ch\/en\/wp-json\/wp\/v2\/media\/9738773"}],"wp:attachment":[{"href":"https:\/\/www.eosbooks.ch\/en\/wp-json\/wp\/v2\/media?parent=64537"}],"wp:term":[{"taxonomy":"product_brand","embeddable":true,"href":"https:\/\/www.eosbooks.ch\/en\/wp-json\/wp\/v2\/product_brand?post=64537"},{"taxonomy":"product_cat","embeddable":true,"href":"https:\/\/www.eosbooks.ch\/en\/wp-json\/wp\/v2\/product_cat?post=64537"},{"taxonomy":"product_tag","embeddable":true,"href":"https:\/\/www.eosbooks.ch\/en\/wp-json\/wp\/v2\/product_tag?post=64537"}],"curies":[{"name":"wp","href":"https:\/\/api.w.org\/{rel}","templated":true}]}}

<p><span class="autor"> Alvarez de Colmenar, Juan: </span> <span class="titel" style="font-size: 1em">Beschreyving van Spanjen en Portugal; Waar in, op het naauwkeurigste,</span><span style="font-size: 1em"> al het geene, dat, zoo to opzigte van hunnen ouden, als tegenwordigen staat, aanmerkens-waardig &#8230; is &#8230; Leiden, Pieter vander Aa, 1707. 2°. (4) Bl., 80, 84, 128, 52, 56 S., (32) Bl. Register. Mit Kupfertitel, ganz Kupfer zur Widmung, 1 grossen gef. Karte, 1 gefl. Tafel, 164 Textkupfer.  Marmor. Lederband der Zeit., Rücken reich vergoldet mit rotem Rückenschild, goldgepr. Supralibros.</span></p>
<p class="kommentar1">Cf. Brunet I, 206 (franz. Ausg.). – Erste holländische Ausgabe, zeitgleich mit der französischen «Les délices de l&#8217; Espagne et du Portugal». Die Karten und Ansichten wurden von Alvarez de Colmenar (fl. 1707–1741) vor Ort gezeichnet, die beiden ganzs. Kupfer und die Titelvignette stammen von Jan Goeree (1670–1731), die Textkupfer, welche Ansichten vieler Städte bieten, sind nicht signiert. Das Werk bietet eine ausführliche Beschreibung beider Länder, sowohl geschichtlich als auch geographisch und soll als «Wegweiser» sein für Reisende dienen. – Schönes Exemplar, vorderes Aussenglenk etwas defekt, Leder etwas berieben. Die erneuerten Vosätze leimschattig. – Mit Exlibris Emanuel Stickelberger und Dietegen Stickelberger auf Vorsatz.  (Sprache: Niederländisch / Nederlandse / Dutch)</p>
<p>+ Wichtig: Für unsere Kunden in der EU erfolgt der Versand alle 14 Tage verzollt ab Deutschland / Postbank-Konto in Deutschland vorhanden +</p>
<p>Frage zu diesem Artikel/der Abbildung &#8211; <a href="mailto:orders@eosbooks.ch?subject=Eine Frage zu dem Artikel/der Abbildung 7337BB">Kontakt</a>?<br />
<span class="schlagwort">Reisen / Geographie – Travel / Geography, Geschichte / History, Portugal, Spanien / Spain</span></p>
<div class="shariff shariff-align-left shariff-widget-align-left"><div class="ShariffHeadline"><hr></div><ul class="shariff-buttons theme-round orientation-horizontal buttonsize-medium"><li class="shariff-button facebook shariff-nocustomcolor" style="background-color:#4273c8"><a href="https://www.facebook.com/sharer/sharer.php?u=https%3A%2F%2Fwww.eosbooks.ch%2Fen%2Fprodukt%2Falvarez-de-colmenar-juan-beschreyving-van-spanjen-en-portugal-waar-in-op-het-naauwkeurigste%2F" title="Bei Facebook teilen" aria-label="Bei Facebook teilen" role="button" rel="nofollow" class="shariff-link" style="; background-color:#3b5998; color:#fff" target="_blank"><span class="shariff-icon" style=""><svg width="32px" height="20px" xmlns="http://www.w3.org/2000/svg" viewBox="0 0 18 32"><path fill="#3b5998" d="M17.1 0.2v4.7h-2.8q-1.5 0-2.1 0.6t-0.5 1.9v3.4h5.2l-0.7 5.3h-4.5v13.6h-5.5v-13.6h-4.5v-5.3h4.5v-3.9q0-3.3 1.9-5.2t5-1.8q2.6 0 4.1 0.2z"/></svg></span></a></li><li class="shariff-button twitter shariff-nocustomcolor" style="background-color:#595959"><a href="https://twitter.com/share?url=https%3A%2F%2Fwww.eosbooks.ch%2Fen%2Fprodukt%2Falvarez-de-colmenar-juan-beschreyving-van-spanjen-en-portugal-waar-in-op-het-naauwkeurigste%2F&text=Alvarez%20de%20Colmenar%2C%20Juan%3A%20%20Beschreyving%20van%20Spanjen%20en%20Portugal%3B%20Waar%20in%2C%20op%20het%20naauwkeurigste%2C" title="Bei X teilen" aria-label="Bei X teilen" role="button" rel="noopener nofollow" class="shariff-link" style="; background-color:#000; color:#fff" target="_blank"><span class="shariff-icon" style=""><svg width="32px" height="20px" xmlns="http://www.w3.org/2000/svg" viewBox="0 0 24 24"><path fill="#000" d="M14.258 10.152L23.176 0h-2.113l-7.747 8.813L7.133 0H0l9.352 13.328L0 23.973h2.113l8.176-9.309 6.531 9.309h7.133zm-2.895 3.293l-.949-1.328L2.875 1.56h3.246l6.086 8.523.945 1.328 7.91 11.078h-3.246zm0 0"/></svg></span></a></li><li class="shariff-button linkedin shariff-nocustomcolor" style="background-color:#1488bf"><a href="https://www.linkedin.com/sharing/share-offsite/?url=https%3A%2F%2Fwww.eosbooks.ch%2Fen%2Fprodukt%2Falvarez-de-colmenar-juan-beschreyving-van-spanjen-en-portugal-waar-in-op-het-naauwkeurigste%2F" title="Bei LinkedIn teilen" aria-label="Bei LinkedIn teilen" role="button" rel="noopener nofollow" class="shariff-link" style="; background-color:#0077b5; color:#fff" target="_blank"><span class="shariff-icon" style=""><svg width="32px" height="20px" xmlns="http://www.w3.org/2000/svg" viewBox="0 0 27 32"><path fill="#0077b5" d="M6.2 11.2v17.7h-5.9v-17.7h5.9zM6.6 5.7q0 1.3-0.9 2.2t-2.4 0.9h0q-1.5 0-2.4-0.9t-0.9-2.2 0.9-2.2 2.4-0.9 2.4 0.9 0.9 2.2zM27.4 18.7v10.1h-5.9v-9.5q0-1.9-0.7-2.9t-2.3-1.1q-1.1 0-1.9 0.6t-1.2 1.5q-0.2 0.5-0.2 1.4v9.9h-5.9q0-7.1 0-11.6t0-5.3l0-0.9h5.9v2.6h0q0.4-0.6 0.7-1t1-0.9 1.6-0.8 2-0.3q3 0 4.9 2t1.9 6z"/></svg></span></a></li></ul></div>
