{"id":6008337,"date":"2026-04-29T20:27:07","date_gmt":"2026-04-29T18:27:07","guid":{"rendered":"https:\/\/www.eosbooks.ch\/produkt\/ems-rudolf-von-weltchronik\/"},"modified":"2026-04-29T20:27:07","modified_gmt":"2026-04-29T18:27:07","slug":"ems-rudolf-von-weltchronik","status":"publish","type":"product","link":"https:\/\/www.eosbooks.ch\/en\/produkt\/ems-rudolf-von-weltchronik\/","title":{"rendered":"Ems, Rudolf von:  Weltchronik."},"content":{"rendered":"<p><span class=\"autor\"> Ems, Rudolf von: <\/span>\u00a0<span class=\"titel\" style=\"font-size: 1em\">Weltchronik.<\/span><span style=\"font-size: 1em\"> Der Stricker: Karl der Grosse. Luzern, Faksimile-Verlag, 1982. 4\u00b0. 214 faksimil. Bl.; 76 faksimil Bl. Mit farb. Illustr. auf Goldgrund nach Miniaturen u. farb. Initialen. Dem Orig.-Einband entsprechender Lederbd. \u00fcber Holzdeckeln mit 10 Metallbuckel-Beschl\u00e4gen u. 2 Metall-Lederschliessen.<\/span><\/p>\n<p class=\"kommentar1\">Nr. 302 v. 980 (GA 1&#8217;060) Ex. (Vergriffen. Neupreis 10&#8217;800.&#8211;). Faksimileband nach der Handschrift 302 (um 1300) der Kantonsbibliothek (Vadiana) in St. Gallen. &#8220;In seinen letzten Lebensjahren schrieb Rudolf von Ems auf Veranlassung des Stauferk\u00f6nigs Konrad IV. eine Weltchronik in \u00fcber 33000 paarweise gereimten Versen. Sie behandelt in mittelhochdeutscher Sprache die Geschichte von der Erschaffung der Welt bis zum Tode Salomos. (&#8230;) Das im Sp\u00e4tmittelalter vielgelesene Epos des &#8220;Strickers&#8221; geht in seinem Ursprung auf das altfranz\u00f6sische Rolandslied zur\u00fcck, das vom Regensburger &#8220;Pfaffen Konrad&#8221; um 1170 erstmals ins Deutsche \u00fcbertragen worden war. Der &#8220;Stricker&#8221; erweiterte das alte Heldenlied aus dem Umkreis Karls zur in Versen erz\u00e4hlten Kunde ritterlicher Lebensformen. Im Mittelpunkt steht die Legenede um Karl und seinen treuesten Kampfgef\u00e4hrten Roland (&#8230;)&#8221; (Faksimile Verlag Luzern). Ohne den Kommentarband. &#8211; Tadellos erhalten. (Sprache: Deutsch \/ German)<\/p>\n<p>+ Wichtig: F\u00fcr unsere Kunden in der EU erfolgt der Versand alle 14 Tage verzollt ab Deutschland \/ Postbank-Konto in Deutschland vorhanden +<\/p>\n<p>Frage zu diesem Artikel\/der Abbildung &#8211; <a href=\"mailto:orders@eosbooks.ch?subject=Eine Frage zu dem Artikel\/der Abbildung 3810BB\">Kontakt<\/a>?<br \/>\n<span class=\"schlagwort\">Geschichte \/ History, Buchmalerei \/ Book painting, Faksimilie &#8211; Nachdrucke \/ Facsimiles &#8211; Reprints, Gotik \/ Gothic, Kunst &#8211; Architektur \/ Art &#8211; Architecture, Mittelalter &#8211; Medi\u00e4vistik \/ Middle Ages &#8211; Medievalism, Nummerierte o. limitierte Ausgabe &#8211; Pressendrucke  \/ Numbered or limited edition<\/span><\/p>\n<div class=\"shariff shariff-align-left shariff-widget-align-left\"><div class=\"ShariffHeadline\"><hr><\/div><ul class=\"shariff-buttons theme-round orientation-horizontal buttonsize-medium\"><li class=\"shariff-button facebook shariff-nocustomcolor\" style=\"background-color:#4273c8\"><a href=\"https:\/\/www.facebook.com\/sharer\/sharer.php?u=https%3A%2F%2Fwww.eosbooks.ch%2Fen%2Fprodukt%2Fems-rudolf-von-weltchronik%2F\" title=\"Bei Facebook teilen\" aria-label=\"Bei Facebook teilen\" role=\"button\" rel=\"nofollow\" class=\"shariff-link\" style=\"; background-color:#3b5998; color:#fff\" target=\"_blank\"><span class=\"shariff-icon\" style=\"\"><svg width=\"32px\" height=\"20px\" xmlns=\"http:\/\/www.w3.org\/2000\/svg\" viewBox=\"0 0 18 32\"><path fill=\"#3b5998\" d=\"M17.1 0.2v4.7h-2.8q-1.5 0-2.1 0.6t-0.5 1.9v3.4h5.2l-0.7 5.3h-4.5v13.6h-5.5v-13.6h-4.5v-5.3h4.5v-3.9q0-3.3 1.9-5.2t5-1.8q2.6 0 4.1 0.2z\"\/><\/svg><\/span><\/a><\/li><li class=\"shariff-button twitter shariff-nocustomcolor\" style=\"background-color:#595959\"><a href=\"https:\/\/twitter.com\/share?url=https%3A%2F%2Fwww.eosbooks.ch%2Fen%2Fprodukt%2Fems-rudolf-von-weltchronik%2F&text=Ems%2C%20Rudolf%20von%3A%20%20Weltchronik.\" title=\"Bei X teilen\" aria-label=\"Bei X teilen\" role=\"button\" rel=\"noopener nofollow\" class=\"shariff-link\" style=\"; background-color:#000; color:#fff\" target=\"_blank\"><span class=\"shariff-icon\" style=\"\"><svg width=\"32px\" height=\"20px\" xmlns=\"http:\/\/www.w3.org\/2000\/svg\" viewBox=\"0 0 24 24\"><path fill=\"#000\" d=\"M14.258 10.152L23.176 0h-2.113l-7.747 8.813L7.133 0H0l9.352 13.328L0 23.973h2.113l8.176-9.309 6.531 9.309h7.133zm-2.895 3.293l-.949-1.328L2.875 1.56h3.246l6.086 8.523.945 1.328 7.91 11.078h-3.246zm0 0\"\/><\/svg><\/span><\/a><\/li><li class=\"shariff-button linkedin shariff-nocustomcolor\" style=\"background-color:#1488bf\"><a href=\"https:\/\/www.linkedin.com\/sharing\/share-offsite\/?url=https%3A%2F%2Fwww.eosbooks.ch%2Fen%2Fprodukt%2Fems-rudolf-von-weltchronik%2F\" title=\"Bei LinkedIn teilen\" aria-label=\"Bei LinkedIn teilen\" role=\"button\" rel=\"noopener nofollow\" class=\"shariff-link\" style=\"; background-color:#0077b5; color:#fff\" target=\"_blank\"><span class=\"shariff-icon\" style=\"\"><svg width=\"32px\" height=\"20px\" xmlns=\"http:\/\/www.w3.org\/2000\/svg\" viewBox=\"0 0 27 32\"><path fill=\"#0077b5\" d=\"M6.2 11.2v17.7h-5.9v-17.7h5.9zM6.6 5.7q0 1.3-0.9 2.2t-2.4 0.9h0q-1.5 0-2.4-0.9t-0.9-2.2 0.9-2.2 2.4-0.9 2.4 0.9 0.9 2.2zM27.4 18.7v10.1h-5.9v-9.5q0-1.9-0.7-2.9t-2.3-1.1q-1.1 0-1.9 0.6t-1.2 1.5q-0.2 0.5-0.2 1.4v9.9h-5.9q0-7.1 0-11.6t0-5.3l0-0.9h5.9v2.6h0q0.4-0.6 0.7-1t1-0.9 1.6-0.8 2-0.3q3 0 4.9 2t1.9 6z\"\/><\/svg><\/span><\/a><\/li><\/ul><\/div>","protected":false},"excerpt":{"rendered":"<p>Ems, Rudolf von: \u00a0Weltchronik. Der Stricker: Karl der Grosse. Luzern, Faksimile-Verlag, 1982. 4\u00b0. 214 faksimil. Bl.; 76 faksimil Bl. Mit farb. Illustr. auf Goldgrund nach Miniaturen u. farb. Initialen. Dem Orig.-Einband entsprechender Lederbd. \u00fcber Holzdeckeln mit 10 Metallbuckel-Beschl\u00e4gen u. 2 Metall-Lederschliessen. Nr. 302 v. 980 (GA 1&#8217;060) Ex. (Vergriffen. Neupreis 10&#8217;800.&#8211;). Faksimileband nach der Handschrift [&hellip;]<\/p>\n","protected":false},"featured_media":9739955,"comment_status":"closed","ping_status":"closed","template":"","meta":[],"product_brand":[],"product_cat":[793],"product_tag":[],"class_list":{"0":"post-6008337","1":"product","2":"type-product","3":"status-publish","4":"has-post-thumbnail","6":"product_cat-geschichte-history","8":"first","9":"instock","10":"taxable","11":"shipping-taxable","12":"purchasable","13":"product-type-simple"},"aioseo_notices":[],"_links":{"self":[{"href":"https:\/\/www.eosbooks.ch\/en\/wp-json\/wp\/v2\/product\/6008337","targetHints":{"allow":["GET"]}}],"collection":[{"href":"https:\/\/www.eosbooks.ch\/en\/wp-json\/wp\/v2\/product"}],"about":[{"href":"https:\/\/www.eosbooks.ch\/en\/wp-json\/wp\/v2\/types\/product"}],"replies":[{"embeddable":true,"href":"https:\/\/www.eosbooks.ch\/en\/wp-json\/wp\/v2\/comments?post=6008337"}],"wp:featuredmedia":[{"embeddable":true,"href":"https:\/\/www.eosbooks.ch\/en\/wp-json\/wp\/v2\/media\/9739955"}],"wp:attachment":[{"href":"https:\/\/www.eosbooks.ch\/en\/wp-json\/wp\/v2\/media?parent=6008337"}],"wp:term":[{"taxonomy":"product_brand","embeddable":true,"href":"https:\/\/www.eosbooks.ch\/en\/wp-json\/wp\/v2\/product_brand?post=6008337"},{"taxonomy":"product_cat","embeddable":true,"href":"https:\/\/www.eosbooks.ch\/en\/wp-json\/wp\/v2\/product_cat?post=6008337"},{"taxonomy":"product_tag","embeddable":true,"href":"https:\/\/www.eosbooks.ch\/en\/wp-json\/wp\/v2\/product_tag?post=6008337"}],"curies":[{"name":"wp","href":"https:\/\/api.w.org\/{rel}","templated":true}]}}

<p><span class="autor"> Ems, Rudolf von: </span> <span class="titel" style="font-size: 1em">Weltchronik.</span><span style="font-size: 1em"> Der Stricker: Karl der Grosse. Luzern, Faksimile-Verlag, 1982. 4°. 214 faksimil. Bl.; 76 faksimil Bl. Mit farb. Illustr. auf Goldgrund nach Miniaturen u. farb. Initialen. Dem Orig.-Einband entsprechender Lederbd. über Holzdeckeln mit 10 Metallbuckel-Beschlägen u. 2 Metall-Lederschliessen.</span></p>
<p class="kommentar1">Nr. 302 v. 980 (GA 1&#8217;060) Ex. (Vergriffen. Neupreis 10&#8217;800.&#8211;). Faksimileband nach der Handschrift 302 (um 1300) der Kantonsbibliothek (Vadiana) in St. Gallen. &#8220;In seinen letzten Lebensjahren schrieb Rudolf von Ems auf Veranlassung des Stauferkönigs Konrad IV. eine Weltchronik in über 33000 paarweise gereimten Versen. Sie behandelt in mittelhochdeutscher Sprache die Geschichte von der Erschaffung der Welt bis zum Tode Salomos. (&#8230;) Das im Spätmittelalter vielgelesene Epos des &#8220;Strickers&#8221; geht in seinem Ursprung auf das altfranzösische Rolandslied zurück, das vom Regensburger &#8220;Pfaffen Konrad&#8221; um 1170 erstmals ins Deutsche übertragen worden war. Der &#8220;Stricker&#8221; erweiterte das alte Heldenlied aus dem Umkreis Karls zur in Versen erzählten Kunde ritterlicher Lebensformen. Im Mittelpunkt steht die Legenede um Karl und seinen treuesten Kampfgefährten Roland (&#8230;)&#8221; (Faksimile Verlag Luzern). Ohne den Kommentarband. &#8211; Tadellos erhalten. (Sprache: Deutsch / German)</p>
<p>+ Wichtig: Für unsere Kunden in der EU erfolgt der Versand alle 14 Tage verzollt ab Deutschland / Postbank-Konto in Deutschland vorhanden +</p>
<p>Frage zu diesem Artikel/der Abbildung &#8211; <a href="mailto:orders@eosbooks.ch?subject=Eine Frage zu dem Artikel/der Abbildung 3810BB">Kontakt</a>?<br />
<span class="schlagwort">Geschichte / History, Buchmalerei / Book painting, Faksimilie &#8211; Nachdrucke / Facsimiles &#8211; Reprints, Gotik / Gothic, Kunst &#8211; Architektur / Art &#8211; Architecture, Mittelalter &#8211; Mediävistik / Middle Ages &#8211; Medievalism, Nummerierte o. limitierte Ausgabe &#8211; Pressendrucke  / Numbered or limited edition</span></p>
<div class="shariff shariff-align-left shariff-widget-align-left"><div class="ShariffHeadline"><hr></div><ul class="shariff-buttons theme-round orientation-horizontal buttonsize-medium"><li class="shariff-button facebook shariff-nocustomcolor" style="background-color:#4273c8"><a href="https://www.facebook.com/sharer/sharer.php?u=https%3A%2F%2Fwww.eosbooks.ch%2Fen%2Fprodukt%2Fems-rudolf-von-weltchronik%2F" title="Bei Facebook teilen" aria-label="Bei Facebook teilen" role="button" rel="nofollow" class="shariff-link" style="; background-color:#3b5998; color:#fff" target="_blank"><span class="shariff-icon" style=""><svg width="32px" height="20px" xmlns="http://www.w3.org/2000/svg" viewBox="0 0 18 32"><path fill="#3b5998" d="M17.1 0.2v4.7h-2.8q-1.5 0-2.1 0.6t-0.5 1.9v3.4h5.2l-0.7 5.3h-4.5v13.6h-5.5v-13.6h-4.5v-5.3h4.5v-3.9q0-3.3 1.9-5.2t5-1.8q2.6 0 4.1 0.2z"/></svg></span></a></li><li class="shariff-button twitter shariff-nocustomcolor" style="background-color:#595959"><a href="https://twitter.com/share?url=https%3A%2F%2Fwww.eosbooks.ch%2Fen%2Fprodukt%2Fems-rudolf-von-weltchronik%2F&text=Ems%2C%20Rudolf%20von%3A%20%20Weltchronik." title="Bei X teilen" aria-label="Bei X teilen" role="button" rel="noopener nofollow" class="shariff-link" style="; background-color:#000; color:#fff" target="_blank"><span class="shariff-icon" style=""><svg width="32px" height="20px" xmlns="http://www.w3.org/2000/svg" viewBox="0 0 24 24"><path fill="#000" d="M14.258 10.152L23.176 0h-2.113l-7.747 8.813L7.133 0H0l9.352 13.328L0 23.973h2.113l8.176-9.309 6.531 9.309h7.133zm-2.895 3.293l-.949-1.328L2.875 1.56h3.246l6.086 8.523.945 1.328 7.91 11.078h-3.246zm0 0"/></svg></span></a></li><li class="shariff-button linkedin shariff-nocustomcolor" style="background-color:#1488bf"><a href="https://www.linkedin.com/sharing/share-offsite/?url=https%3A%2F%2Fwww.eosbooks.ch%2Fen%2Fprodukt%2Fems-rudolf-von-weltchronik%2F" title="Bei LinkedIn teilen" aria-label="Bei LinkedIn teilen" role="button" rel="noopener nofollow" class="shariff-link" style="; background-color:#0077b5; color:#fff" target="_blank"><span class="shariff-icon" style=""><svg width="32px" height="20px" xmlns="http://www.w3.org/2000/svg" viewBox="0 0 27 32"><path fill="#0077b5" d="M6.2 11.2v17.7h-5.9v-17.7h5.9zM6.6 5.7q0 1.3-0.9 2.2t-2.4 0.9h0q-1.5 0-2.4-0.9t-0.9-2.2 0.9-2.2 2.4-0.9 2.4 0.9 0.9 2.2zM27.4 18.7v10.1h-5.9v-9.5q0-1.9-0.7-2.9t-2.3-1.1q-1.1 0-1.9 0.6t-1.2 1.5q-0.2 0.5-0.2 1.4v9.9h-5.9q0-7.1 0-11.6t0-5.3l0-0.9h5.9v2.6h0q0.4-0.6 0.7-1t1-0.9 1.6-0.8 2-0.3q3 0 4.9 2t1.9 6z"/></svg></span></a></li></ul></div>

<p>Ems, Rudolf von:  Weltchronik. Der Stricker: Karl der Grosse. Luzern, Faksimile-Verlag, 1982. 4°. 214 faksimil. Bl.; 76 faksimil Bl. Mit farb. Illustr. auf Goldgrund nach Miniaturen u. farb. Initialen. Dem Orig.-Einband entsprechender Lederbd. über Holzdeckeln mit 10 Metallbuckel-Beschlägen u. 2 Metall-Lederschliessen. Nr. 302 v. 980 (GA 1&#8217;060) Ex. (Vergriffen. Neupreis 10&#8217;800.&#8211;). Faksimileband nach der Handschrift [&hellip;]</p>
