{"id":55799,"date":"2026-04-29T18:28:56","date_gmt":"2026-04-29T16:28:56","guid":{"rendered":"http:\/\/eosbooks.ch.w015255e.kasserver.com\/produkt\/courtilz-de-sandras-gatien-la-politique-du-cardinal-portocarero-decouverte-suivie-de-trois-entretiens-de-mr-colbert-avec-bouin-sur-le-partage-de-la-monarchie-despagne-de-plusieurs-choses-rem\/"},"modified":"2026-04-29T18:28:56","modified_gmt":"2026-04-29T16:28:56","slug":"courtilz-de-sandras-gatien-la-politique-du-cardinal-portocarero-decouverte","status":"publish","type":"product","link":"https:\/\/www.eosbooks.ch\/en\/produkt\/courtilz-de-sandras-gatien-la-politique-du-cardinal-portocarero-decouverte\/","title":{"rendered":"Courtilz de Sandras, Gatien:  La politique du cardinal Portocarero d\u00e9couverte."},"content":{"rendered":"<p><span class=\"autor\"> Courtilz de Sandras, Gatien: <\/span>\u00a0<span class=\"titel\" style=\"font-size: 1em\">La politique du cardinal Portocarero d\u00e9couverte.<\/span><span style=\"font-size: 1em\"> Suivie de trois entretiens de Mr. Colbert avec Bouin sur le partage de la Monarchie d&#8217;Espagne &#038; de plusieurs choses remarquables arriv\u00e9es en France sous le regne de Louis XIV. Madrid, Chez Pierre Marteau (i.e. Holland). 1704. 12\u00b0. Titel, 177 S., 177 (recte 179) S., 2 w. Bl., 182 (recte 180) S. Lederband der Zeit mit goldgepr\u00e4gtem R\u00fcckenschild und reicher floraler R\u00fcckenvergoldung.<\/span><\/p>\n<p class=\"kommentar1\">Weller, Druckorte 2, 75. &#8211; Erschien bereits 1701 unter dem Titel &#8220;Entretiens de M. Colbert &#8230;&#8221; mit K\u00f6ln als Druckort. &#8211; Unser Exemplar mit identischer Pagination, d.h. in 3 Teilen, wie das digitalisierte Exemplar der BSB M\u00fcnchen, abweichend zu allen anderen \u00fcber KVK nachweisbaren Exemplaren. &#8211; Fiktiver Gespr\u00e4chsroman \u00fcber den spanischen Erbfolgekrieg. Courtilz de Sandras war Schriftsteller und Musketier, bekannt wurde er vor allem durch seine Biografie d&#8217;Artagnans, die sp\u00e4ter Alexandre Dumas dem \u00c4lteren als Vorlage f\u00fcr dessen Abenteuerroman \u201eDie drei Musketiere\u201c diente. &#8211; Oberes Kapital mit kleiner Fehlstelle. Innengelenke mit wenigen Wurmspuren. 2 gestochene Exlibris auf dem Innendeckel und der Titelr\u00fcckseite und handschriftlicher Besitzvermerk &#8220;de Vigier&#8221; auf dem Titel. Seite 25\/26 des 3. Teils mit kleinem Brandloch, mit minimalem Textverlust.<\/p>\n<p>+ Wichtig: F\u00fcr unsere Kunden in der EU erfolgt der Versand alle 14 Tage verzollt ab Deutschland \/ Postbank-Konto in Deutschland vorhanden +<\/p>\n<p>Frage zu diesem Artikel\/der Abbildung &#8211; <a href=\"mailto:orders@eosbooks.ch?subject=Eine Frage zu dem Artikel\/der Abbildung 35143DB\">Kontakt<\/a>?<br \/>\n<span class=\"schlagwort\">Geschichte \/ History, Frankreich \/ France, Franz\u00f6siche Geschichte \/ French history, Franz\u00f6sische Literatur \/ French literature, Politik &#8211; Staat \/ Politics &#8211; Government<\/span><\/p>\n<div class=\"shariff shariff-align-left shariff-widget-align-left\"><div class=\"ShariffHeadline\"><hr><\/div><ul class=\"shariff-buttons theme-round orientation-horizontal buttonsize-medium\"><li class=\"shariff-button facebook shariff-nocustomcolor\" style=\"background-color:#4273c8\"><a href=\"https:\/\/www.facebook.com\/sharer\/sharer.php?u=https%3A%2F%2Fwww.eosbooks.ch%2Fen%2Fprodukt%2Fcourtilz-de-sandras-gatien-la-politique-du-cardinal-portocarero-decouverte%2F\" title=\"Bei Facebook teilen\" aria-label=\"Bei Facebook teilen\" role=\"button\" rel=\"nofollow\" class=\"shariff-link\" style=\"; background-color:#3b5998; color:#fff\" target=\"_blank\"><span class=\"shariff-icon\" style=\"\"><svg width=\"32px\" height=\"20px\" xmlns=\"http:\/\/www.w3.org\/2000\/svg\" viewBox=\"0 0 18 32\"><path fill=\"#3b5998\" d=\"M17.1 0.2v4.7h-2.8q-1.5 0-2.1 0.6t-0.5 1.9v3.4h5.2l-0.7 5.3h-4.5v13.6h-5.5v-13.6h-4.5v-5.3h4.5v-3.9q0-3.3 1.9-5.2t5-1.8q2.6 0 4.1 0.2z\"\/><\/svg><\/span><\/a><\/li><li class=\"shariff-button twitter shariff-nocustomcolor\" style=\"background-color:#595959\"><a href=\"https:\/\/twitter.com\/share?url=https%3A%2F%2Fwww.eosbooks.ch%2Fen%2Fprodukt%2Fcourtilz-de-sandras-gatien-la-politique-du-cardinal-portocarero-decouverte%2F&text=Courtilz%20de%20Sandras%2C%20Gatien%3A%20%20La%20politique%20du%20cardinal%20Portocarero%20d%C3%A9couverte.\" title=\"Bei X teilen\" aria-label=\"Bei X teilen\" role=\"button\" rel=\"noopener nofollow\" class=\"shariff-link\" style=\"; background-color:#000; color:#fff\" target=\"_blank\"><span class=\"shariff-icon\" style=\"\"><svg width=\"32px\" height=\"20px\" xmlns=\"http:\/\/www.w3.org\/2000\/svg\" viewBox=\"0 0 24 24\"><path fill=\"#000\" d=\"M14.258 10.152L23.176 0h-2.113l-7.747 8.813L7.133 0H0l9.352 13.328L0 23.973h2.113l8.176-9.309 6.531 9.309h7.133zm-2.895 3.293l-.949-1.328L2.875 1.56h3.246l6.086 8.523.945 1.328 7.91 11.078h-3.246zm0 0\"\/><\/svg><\/span><\/a><\/li><li class=\"shariff-button linkedin shariff-nocustomcolor\" style=\"background-color:#1488bf\"><a href=\"https:\/\/www.linkedin.com\/sharing\/share-offsite\/?url=https%3A%2F%2Fwww.eosbooks.ch%2Fen%2Fprodukt%2Fcourtilz-de-sandras-gatien-la-politique-du-cardinal-portocarero-decouverte%2F\" title=\"Bei LinkedIn teilen\" aria-label=\"Bei LinkedIn teilen\" role=\"button\" rel=\"noopener nofollow\" class=\"shariff-link\" style=\"; background-color:#0077b5; color:#fff\" target=\"_blank\"><span class=\"shariff-icon\" style=\"\"><svg width=\"32px\" height=\"20px\" xmlns=\"http:\/\/www.w3.org\/2000\/svg\" viewBox=\"0 0 27 32\"><path fill=\"#0077b5\" d=\"M6.2 11.2v17.7h-5.9v-17.7h5.9zM6.6 5.7q0 1.3-0.9 2.2t-2.4 0.9h0q-1.5 0-2.4-0.9t-0.9-2.2 0.9-2.2 2.4-0.9 2.4 0.9 0.9 2.2zM27.4 18.7v10.1h-5.9v-9.5q0-1.9-0.7-2.9t-2.3-1.1q-1.1 0-1.9 0.6t-1.2 1.5q-0.2 0.5-0.2 1.4v9.9h-5.9q0-7.1 0-11.6t0-5.3l0-0.9h5.9v2.6h0q0.4-0.6 0.7-1t1-0.9 1.6-0.8 2-0.3q3 0 4.9 2t1.9 6z\"\/><\/svg><\/span><\/a><\/li><\/ul><\/div>","protected":false},"excerpt":{"rendered":"<p>Courtilz de Sandras, Gatien: \u00a0La politique du cardinal Portocarero d\u00e9couverte. Suivie de trois entretiens de Mr. Colbert avec Bouin sur le partage de la Monarchie d&#8217;Espagne &#038; de plusieurs choses remarquables arriv\u00e9es en France sous le regne de Louis XIV. Madrid, Chez Pierre Marteau (i.e. Holland). 1704. 12\u00b0. Titel, 177 S., 177 (recte 179) S., [&hellip;]<\/p>\n","protected":false},"featured_media":0,"comment_status":"closed","ping_status":"closed","template":"","meta":[],"product_brand":[],"product_cat":[793],"product_tag":[],"class_list":{"0":"post-55799","1":"product","2":"type-product","3":"status-publish","5":"product_cat-geschichte-history","7":"first","8":"instock","9":"taxable","10":"shipping-taxable","11":"purchasable","12":"product-type-simple"},"aioseo_notices":[],"_links":{"self":[{"href":"https:\/\/www.eosbooks.ch\/en\/wp-json\/wp\/v2\/product\/55799","targetHints":{"allow":["GET"]}}],"collection":[{"href":"https:\/\/www.eosbooks.ch\/en\/wp-json\/wp\/v2\/product"}],"about":[{"href":"https:\/\/www.eosbooks.ch\/en\/wp-json\/wp\/v2\/types\/product"}],"replies":[{"embeddable":true,"href":"https:\/\/www.eosbooks.ch\/en\/wp-json\/wp\/v2\/comments?post=55799"}],"wp:attachment":[{"href":"https:\/\/www.eosbooks.ch\/en\/wp-json\/wp\/v2\/media?parent=55799"}],"wp:term":[{"taxonomy":"product_brand","embeddable":true,"href":"https:\/\/www.eosbooks.ch\/en\/wp-json\/wp\/v2\/product_brand?post=55799"},{"taxonomy":"product_cat","embeddable":true,"href":"https:\/\/www.eosbooks.ch\/en\/wp-json\/wp\/v2\/product_cat?post=55799"},{"taxonomy":"product_tag","embeddable":true,"href":"https:\/\/www.eosbooks.ch\/en\/wp-json\/wp\/v2\/product_tag?post=55799"}],"curies":[{"name":"wp","href":"https:\/\/api.w.org\/{rel}","templated":true}]}}

Courtilz de Sandras, Gatien:  La politique du cardinal Portocarero découverte.

<p><span class="autor"> Courtilz de Sandras, Gatien: </span> <span class="titel" style="font-size: 1em">La politique du cardinal Portocarero découverte.</span><span style="font-size: 1em"> Suivie de trois entretiens de Mr. Colbert avec Bouin sur le partage de la Monarchie d&#8217;Espagne &#038; de plusieurs choses remarquables arrivées en France sous le regne de Louis XIV. Madrid, Chez Pierre Marteau (i.e. Holland). 1704. 12°. Titel, 177 S., 177 (recte 179) S., 2 w. Bl., 182 (recte 180) S. Lederband der Zeit mit goldgeprägtem Rückenschild und reicher floraler Rückenvergoldung.</span></p>
<p class="kommentar1">Weller, Druckorte 2, 75. &#8211; Erschien bereits 1701 unter dem Titel &#8220;Entretiens de M. Colbert &#8230;&#8221; mit Köln als Druckort. &#8211; Unser Exemplar mit identischer Pagination, d.h. in 3 Teilen, wie das digitalisierte Exemplar der BSB München, abweichend zu allen anderen über KVK nachweisbaren Exemplaren. &#8211; Fiktiver Gesprächsroman über den spanischen Erbfolgekrieg. Courtilz de Sandras war Schriftsteller und Musketier, bekannt wurde er vor allem durch seine Biografie d&#8217;Artagnans, die später Alexandre Dumas dem Älteren als Vorlage für dessen Abenteuerroman „Die drei Musketiere“ diente. &#8211; Oberes Kapital mit kleiner Fehlstelle. Innengelenke mit wenigen Wurmspuren. 2 gestochene Exlibris auf dem Innendeckel und der Titelrückseite und handschriftlicher Besitzvermerk &#8220;de Vigier&#8221; auf dem Titel. Seite 25/26 des 3. Teils mit kleinem Brandloch, mit minimalem Textverlust.</p>
<p>+ Wichtig: Für unsere Kunden in der EU erfolgt der Versand alle 14 Tage verzollt ab Deutschland / Postbank-Konto in Deutschland vorhanden +</p>
<p>Frage zu diesem Artikel/der Abbildung &#8211; <a href="mailto:orders@eosbooks.ch?subject=Eine Frage zu dem Artikel/der Abbildung 35143DB">Kontakt</a>?<br />
<span class="schlagwort">Geschichte / History, Frankreich / France, Französiche Geschichte / French history, Französische Literatur / French literature, Politik &#8211; Staat / Politics &#8211; Government</span></p>
<div class="shariff shariff-align-left shariff-widget-align-left"><div class="ShariffHeadline"><hr></div><ul class="shariff-buttons theme-round orientation-horizontal buttonsize-medium"><li class="shariff-button facebook shariff-nocustomcolor" style="background-color:#4273c8"><a href="https://www.facebook.com/sharer/sharer.php?u=https%3A%2F%2Fwww.eosbooks.ch%2Fen%2Fprodukt%2Fcourtilz-de-sandras-gatien-la-politique-du-cardinal-portocarero-decouverte%2F" title="Bei Facebook teilen" aria-label="Bei Facebook teilen" role="button" rel="nofollow" class="shariff-link" style="; background-color:#3b5998; color:#fff" target="_blank"><span class="shariff-icon" style=""><svg width="32px" height="20px" xmlns="http://www.w3.org/2000/svg" viewBox="0 0 18 32"><path fill="#3b5998" d="M17.1 0.2v4.7h-2.8q-1.5 0-2.1 0.6t-0.5 1.9v3.4h5.2l-0.7 5.3h-4.5v13.6h-5.5v-13.6h-4.5v-5.3h4.5v-3.9q0-3.3 1.9-5.2t5-1.8q2.6 0 4.1 0.2z"/></svg></span></a></li><li class="shariff-button twitter shariff-nocustomcolor" style="background-color:#595959"><a href="https://twitter.com/share?url=https%3A%2F%2Fwww.eosbooks.ch%2Fen%2Fprodukt%2Fcourtilz-de-sandras-gatien-la-politique-du-cardinal-portocarero-decouverte%2F&text=Courtilz%20de%20Sandras%2C%20Gatien%3A%20%20La%20politique%20du%20cardinal%20Portocarero%20d%C3%A9couverte." title="Bei X teilen" aria-label="Bei X teilen" role="button" rel="noopener nofollow" class="shariff-link" style="; background-color:#000; color:#fff" target="_blank"><span class="shariff-icon" style=""><svg width="32px" height="20px" xmlns="http://www.w3.org/2000/svg" viewBox="0 0 24 24"><path fill="#000" d="M14.258 10.152L23.176 0h-2.113l-7.747 8.813L7.133 0H0l9.352 13.328L0 23.973h2.113l8.176-9.309 6.531 9.309h7.133zm-2.895 3.293l-.949-1.328L2.875 1.56h3.246l6.086 8.523.945 1.328 7.91 11.078h-3.246zm0 0"/></svg></span></a></li><li class="shariff-button linkedin shariff-nocustomcolor" style="background-color:#1488bf"><a href="https://www.linkedin.com/sharing/share-offsite/?url=https%3A%2F%2Fwww.eosbooks.ch%2Fen%2Fprodukt%2Fcourtilz-de-sandras-gatien-la-politique-du-cardinal-portocarero-decouverte%2F" title="Bei LinkedIn teilen" aria-label="Bei LinkedIn teilen" role="button" rel="noopener nofollow" class="shariff-link" style="; background-color:#0077b5; color:#fff" target="_blank"><span class="shariff-icon" style=""><svg width="32px" height="20px" xmlns="http://www.w3.org/2000/svg" viewBox="0 0 27 32"><path fill="#0077b5" d="M6.2 11.2v17.7h-5.9v-17.7h5.9zM6.6 5.7q0 1.3-0.9 2.2t-2.4 0.9h0q-1.5 0-2.4-0.9t-0.9-2.2 0.9-2.2 2.4-0.9 2.4 0.9 0.9 2.2zM27.4 18.7v10.1h-5.9v-9.5q0-1.9-0.7-2.9t-2.3-1.1q-1.1 0-1.9 0.6t-1.2 1.5q-0.2 0.5-0.2 1.4v9.9h-5.9q0-7.1 0-11.6t0-5.3l0-0.9h5.9v2.6h0q0.4-0.6 0.7-1t1-0.9 1.6-0.8 2-0.3q3 0 4.9 2t1.9 6z"/></svg></span></a></li></ul></div>

<p>Courtilz de Sandras, Gatien:  La politique du cardinal Portocarero découverte. Suivie de trois entretiens de Mr. Colbert avec Bouin sur le partage de la Monarchie d&#8217;Espagne &#038; de plusieurs choses remarquables arrivées en France sous le regne de Louis XIV. Madrid, Chez Pierre Marteau (i.e. Holland). 1704. 12°. Titel, 177 S., 177 (recte 179) S., [&hellip;]</p>
