{"id":54809,"date":"2026-04-29T10:27:14","date_gmt":"2026-04-29T08:27:14","guid":{"rendered":"http:\/\/eosbooks.ch.w015255e.kasserver.com\/produkt\/rameau-jean-philippe-generation-harmonique\/"},"modified":"2026-04-29T10:27:15","modified_gmt":"2026-04-29T08:27:15","slug":"rameau-jean-philippe-generation-harmonique","status":"publish","type":"product","link":"https:\/\/www.eosbooks.ch\/en\/produkt\/rameau-jean-philippe-generation-harmonique\/","title":{"rendered":"Rameau, Jean Philippe:  Generation harmonique,"},"content":{"rendered":"<p><span class=\"autor\"> Rameau, Jean Philippe: <\/span>\u00a0<span class=\"titel\" style=\"font-size: 1em\">Generation harmonique,<\/span><span style=\"font-size: 1em\"> ou trait\u00e9 de musique theorique et pratique. Paris, Prault 1737. 4\u00b0. (16), 201, (13) S. Mit 12 Kupfertafeln.<\/span><\/p>\n<p class=\"kommentar1\">Gr\u00e4sse VI, 20. &#8211; MGG (dtv) X, 1904. &#8211; Eitner VIII, 120. &#8211; F\u00e9tis VII, 175. &#8211; Erste Ausgabe. &#8211; &#8220;Hatte Rameau im Trait\u00e9 Zarlinos* &#8216;duale&#8217; Theorie mit der nach unten gehenden Reihe zur Erkl\u00e4rung der Mollharmonie scharf zur\u00fcckgewiesen und daf\u00fcr den schwachen Versuch unternommen, die Lage der Terz zwischen den beiden bestimmenden Eckpfeilern von Grundton und Quinte willk\u00fcrlich zu vertauschen, so greift er in der &#8216;G\u00e9n\u00e9ration&#8217; zum Zwecke einer befriedigenderen Abteilung der Mollharmonie auf die sympathetische Vibration von Saiten und eine sich daraus ergebende arithmetische Proportion zur\u00fcck, was praktisch eine Anerkennung von Zarlinos urspr\u00fcnglicher Erkl\u00e4rung bedeutet&#8221; (MGG). &#8211; *Gioseffo Zarlino (1517-1590), ital. Musiktheoretiker und Komponist. &#8211; Papier zu Beginn etwas gebr\u00e4unt und stockfleckig. Mit alten Besitzereintr\u00e4gen auf dem Vorsatz. Einband berieben. (Sprache: Franz\u00f6sisch \/ Fran\u00e7ais \/ French)<\/p>\n<p>+ Wichtig: F\u00fcr unsere Kunden in der EU erfolgt der Versand alle 14 Tage verzollt ab Deutschland \/ Postbank-Konto in Deutschland vorhanden +<\/p>\n<p>Frage zu diesem Artikel\/der Abbildung &#8211; <a href=\"mailto:orders@eosbooks.ch?subject=Eine Frage zu dem Artikel\/der Abbildung 2674DB\">Kontakt<\/a>?<br \/>\n<span class=\"schlagwort\">Musik \u2013 Theater &#8211; Schauspiel \/ Music \u2013 Theatre, Musiktheorie \/ Theorie of music<\/span><\/p>\n<div class=\"shariff shariff-align-left shariff-widget-align-left\"><div class=\"ShariffHeadline\"><hr><\/div><ul class=\"shariff-buttons theme-round orientation-horizontal buttonsize-medium\"><li class=\"shariff-button facebook shariff-nocustomcolor\" style=\"background-color:#4273c8\"><a href=\"https:\/\/www.facebook.com\/sharer\/sharer.php?u=https%3A%2F%2Fwww.eosbooks.ch%2Fen%2Fprodukt%2Frameau-jean-philippe-generation-harmonique%2F\" title=\"Bei Facebook teilen\" aria-label=\"Bei Facebook teilen\" role=\"button\" rel=\"nofollow\" class=\"shariff-link\" style=\"; background-color:#3b5998; color:#fff\" target=\"_blank\"><span class=\"shariff-icon\" style=\"\"><svg width=\"32px\" height=\"20px\" xmlns=\"http:\/\/www.w3.org\/2000\/svg\" viewBox=\"0 0 18 32\"><path fill=\"#3b5998\" d=\"M17.1 0.2v4.7h-2.8q-1.5 0-2.1 0.6t-0.5 1.9v3.4h5.2l-0.7 5.3h-4.5v13.6h-5.5v-13.6h-4.5v-5.3h4.5v-3.9q0-3.3 1.9-5.2t5-1.8q2.6 0 4.1 0.2z\"\/><\/svg><\/span><\/a><\/li><li class=\"shariff-button twitter shariff-nocustomcolor\" style=\"background-color:#595959\"><a href=\"https:\/\/twitter.com\/share?url=https%3A%2F%2Fwww.eosbooks.ch%2Fen%2Fprodukt%2Frameau-jean-philippe-generation-harmonique%2F&text=Rameau%2C%20Jean%20Philippe%3A%20%20Generation%20harmonique%2C\" title=\"Bei X teilen\" aria-label=\"Bei X teilen\" role=\"button\" rel=\"noopener nofollow\" class=\"shariff-link\" style=\"; background-color:#000; color:#fff\" target=\"_blank\"><span class=\"shariff-icon\" style=\"\"><svg width=\"32px\" height=\"20px\" xmlns=\"http:\/\/www.w3.org\/2000\/svg\" viewBox=\"0 0 24 24\"><path fill=\"#000\" d=\"M14.258 10.152L23.176 0h-2.113l-7.747 8.813L7.133 0H0l9.352 13.328L0 23.973h2.113l8.176-9.309 6.531 9.309h7.133zm-2.895 3.293l-.949-1.328L2.875 1.56h3.246l6.086 8.523.945 1.328 7.91 11.078h-3.246zm0 0\"\/><\/svg><\/span><\/a><\/li><li class=\"shariff-button linkedin shariff-nocustomcolor\" style=\"background-color:#1488bf\"><a href=\"https:\/\/www.linkedin.com\/sharing\/share-offsite\/?url=https%3A%2F%2Fwww.eosbooks.ch%2Fen%2Fprodukt%2Frameau-jean-philippe-generation-harmonique%2F\" title=\"Bei LinkedIn teilen\" aria-label=\"Bei LinkedIn teilen\" role=\"button\" rel=\"noopener nofollow\" class=\"shariff-link\" style=\"; background-color:#0077b5; color:#fff\" target=\"_blank\"><span class=\"shariff-icon\" style=\"\"><svg width=\"32px\" height=\"20px\" xmlns=\"http:\/\/www.w3.org\/2000\/svg\" viewBox=\"0 0 27 32\"><path fill=\"#0077b5\" d=\"M6.2 11.2v17.7h-5.9v-17.7h5.9zM6.6 5.7q0 1.3-0.9 2.2t-2.4 0.9h0q-1.5 0-2.4-0.9t-0.9-2.2 0.9-2.2 2.4-0.9 2.4 0.9 0.9 2.2zM27.4 18.7v10.1h-5.9v-9.5q0-1.9-0.7-2.9t-2.3-1.1q-1.1 0-1.9 0.6t-1.2 1.5q-0.2 0.5-0.2 1.4v9.9h-5.9q0-7.1 0-11.6t0-5.3l0-0.9h5.9v2.6h0q0.4-0.6 0.7-1t1-0.9 1.6-0.8 2-0.3q3 0 4.9 2t1.9 6z\"\/><\/svg><\/span><\/a><\/li><\/ul><\/div>","protected":false},"excerpt":{"rendered":"<p>Rameau, Jean Philippe: \u00a0Generation harmonique, ou trait\u00e9 de musique theorique et pratique. Paris, Prault 1737. 4\u00b0. (16), 201, (13) S. Mit 12 Kupfertafeln. Gr\u00e4sse VI, 20. &#8211; MGG (dtv) X, 1904. &#8211; Eitner VIII, 120. &#8211; F\u00e9tis VII, 175. &#8211; Erste Ausgabe. &#8211; &#8220;Hatte Rameau im Trait\u00e9 Zarlinos* &#8216;duale&#8217; Theorie mit der nach unten gehenden [&hellip;]<\/p>\n","protected":false},"featured_media":9739109,"comment_status":"closed","ping_status":"closed","template":"","meta":[],"product_brand":[],"product_cat":[789],"product_tag":[],"class_list":{"0":"post-54809","1":"product","2":"type-product","3":"status-publish","4":"has-post-thumbnail","6":"product_cat-musik-theater-schauspiel-music-theatre","8":"first","9":"instock","10":"taxable","11":"shipping-taxable","12":"purchasable","13":"product-type-simple"},"aioseo_notices":[],"_links":{"self":[{"href":"https:\/\/www.eosbooks.ch\/en\/wp-json\/wp\/v2\/product\/54809","targetHints":{"allow":["GET"]}}],"collection":[{"href":"https:\/\/www.eosbooks.ch\/en\/wp-json\/wp\/v2\/product"}],"about":[{"href":"https:\/\/www.eosbooks.ch\/en\/wp-json\/wp\/v2\/types\/product"}],"replies":[{"embeddable":true,"href":"https:\/\/www.eosbooks.ch\/en\/wp-json\/wp\/v2\/comments?post=54809"}],"wp:featuredmedia":[{"embeddable":true,"href":"https:\/\/www.eosbooks.ch\/en\/wp-json\/wp\/v2\/media\/9739109"}],"wp:attachment":[{"href":"https:\/\/www.eosbooks.ch\/en\/wp-json\/wp\/v2\/media?parent=54809"}],"wp:term":[{"taxonomy":"product_brand","embeddable":true,"href":"https:\/\/www.eosbooks.ch\/en\/wp-json\/wp\/v2\/product_brand?post=54809"},{"taxonomy":"product_cat","embeddable":true,"href":"https:\/\/www.eosbooks.ch\/en\/wp-json\/wp\/v2\/product_cat?post=54809"},{"taxonomy":"product_tag","embeddable":true,"href":"https:\/\/www.eosbooks.ch\/en\/wp-json\/wp\/v2\/product_tag?post=54809"}],"curies":[{"name":"wp","href":"https:\/\/api.w.org\/{rel}","templated":true}]}}

<p><span class="autor"> Rameau, Jean Philippe: </span> <span class="titel" style="font-size: 1em">Generation harmonique,</span><span style="font-size: 1em"> ou traité de musique theorique et pratique. Paris, Prault 1737. 4°. (16), 201, (13) S. Mit 12 Kupfertafeln.</span></p>
<p class="kommentar1">Grässe VI, 20. &#8211; MGG (dtv) X, 1904. &#8211; Eitner VIII, 120. &#8211; Fétis VII, 175. &#8211; Erste Ausgabe. &#8211; &#8220;Hatte Rameau im Traité Zarlinos* &#8216;duale&#8217; Theorie mit der nach unten gehenden Reihe zur Erklärung der Mollharmonie scharf zurückgewiesen und dafür den schwachen Versuch unternommen, die Lage der Terz zwischen den beiden bestimmenden Eckpfeilern von Grundton und Quinte willkürlich zu vertauschen, so greift er in der &#8216;Génération&#8217; zum Zwecke einer befriedigenderen Abteilung der Mollharmonie auf die sympathetische Vibration von Saiten und eine sich daraus ergebende arithmetische Proportion zurück, was praktisch eine Anerkennung von Zarlinos ursprünglicher Erklärung bedeutet&#8221; (MGG). &#8211; *Gioseffo Zarlino (1517-1590), ital. Musiktheoretiker und Komponist. &#8211; Papier zu Beginn etwas gebräunt und stockfleckig. Mit alten Besitzereinträgen auf dem Vorsatz. Einband berieben. (Sprache: Französisch / Français / French)</p>
<p>+ Wichtig: Für unsere Kunden in der EU erfolgt der Versand alle 14 Tage verzollt ab Deutschland / Postbank-Konto in Deutschland vorhanden +</p>
<p>Frage zu diesem Artikel/der Abbildung &#8211; <a href="mailto:orders@eosbooks.ch?subject=Eine Frage zu dem Artikel/der Abbildung 2674DB">Kontakt</a>?<br />
<span class="schlagwort">Musik – Theater &#8211; Schauspiel / Music – Theatre, Musiktheorie / Theorie of music</span></p>
<div class="shariff shariff-align-left shariff-widget-align-left"><div class="ShariffHeadline"><hr></div><ul class="shariff-buttons theme-round orientation-horizontal buttonsize-medium"><li class="shariff-button facebook shariff-nocustomcolor" style="background-color:#4273c8"><a href="https://www.facebook.com/sharer/sharer.php?u=https%3A%2F%2Fwww.eosbooks.ch%2Fen%2Fprodukt%2Frameau-jean-philippe-generation-harmonique%2F" title="Bei Facebook teilen" aria-label="Bei Facebook teilen" role="button" rel="nofollow" class="shariff-link" style="; background-color:#3b5998; color:#fff" target="_blank"><span class="shariff-icon" style=""><svg width="32px" height="20px" xmlns="http://www.w3.org/2000/svg" viewBox="0 0 18 32"><path fill="#3b5998" d="M17.1 0.2v4.7h-2.8q-1.5 0-2.1 0.6t-0.5 1.9v3.4h5.2l-0.7 5.3h-4.5v13.6h-5.5v-13.6h-4.5v-5.3h4.5v-3.9q0-3.3 1.9-5.2t5-1.8q2.6 0 4.1 0.2z"/></svg></span></a></li><li class="shariff-button twitter shariff-nocustomcolor" style="background-color:#595959"><a href="https://twitter.com/share?url=https%3A%2F%2Fwww.eosbooks.ch%2Fen%2Fprodukt%2Frameau-jean-philippe-generation-harmonique%2F&text=Rameau%2C%20Jean%20Philippe%3A%20%20Generation%20harmonique%2C" title="Bei X teilen" aria-label="Bei X teilen" role="button" rel="noopener nofollow" class="shariff-link" style="; background-color:#000; color:#fff" target="_blank"><span class="shariff-icon" style=""><svg width="32px" height="20px" xmlns="http://www.w3.org/2000/svg" viewBox="0 0 24 24"><path fill="#000" d="M14.258 10.152L23.176 0h-2.113l-7.747 8.813L7.133 0H0l9.352 13.328L0 23.973h2.113l8.176-9.309 6.531 9.309h7.133zm-2.895 3.293l-.949-1.328L2.875 1.56h3.246l6.086 8.523.945 1.328 7.91 11.078h-3.246zm0 0"/></svg></span></a></li><li class="shariff-button linkedin shariff-nocustomcolor" style="background-color:#1488bf"><a href="https://www.linkedin.com/sharing/share-offsite/?url=https%3A%2F%2Fwww.eosbooks.ch%2Fen%2Fprodukt%2Frameau-jean-philippe-generation-harmonique%2F" title="Bei LinkedIn teilen" aria-label="Bei LinkedIn teilen" role="button" rel="noopener nofollow" class="shariff-link" style="; background-color:#0077b5; color:#fff" target="_blank"><span class="shariff-icon" style=""><svg width="32px" height="20px" xmlns="http://www.w3.org/2000/svg" viewBox="0 0 27 32"><path fill="#0077b5" d="M6.2 11.2v17.7h-5.9v-17.7h5.9zM6.6 5.7q0 1.3-0.9 2.2t-2.4 0.9h0q-1.5 0-2.4-0.9t-0.9-2.2 0.9-2.2 2.4-0.9 2.4 0.9 0.9 2.2zM27.4 18.7v10.1h-5.9v-9.5q0-1.9-0.7-2.9t-2.3-1.1q-1.1 0-1.9 0.6t-1.2 1.5q-0.2 0.5-0.2 1.4v9.9h-5.9q0-7.1 0-11.6t0-5.3l0-0.9h5.9v2.6h0q0.4-0.6 0.7-1t1-0.9 1.6-0.8 2-0.3q3 0 4.9 2t1.9 6z"/></svg></span></a></li></ul></div>

<p>Rameau, Jean Philippe:  Generation harmonique, ou traité de musique theorique et pratique. Paris, Prault 1737. 4°. (16), 201, (13) S. Mit 12 Kupfertafeln. Grässe VI, 20. &#8211; MGG (dtv) X, 1904. &#8211; Eitner VIII, 120. &#8211; Fétis VII, 175. &#8211; Erste Ausgabe. &#8211; &#8220;Hatte Rameau im Traité Zarlinos* &#8216;duale&#8217; Theorie mit der nach unten gehenden [&hellip;]</p>
