{"id":53842,"date":"2026-04-29T02:27:33","date_gmt":"2026-04-29T00:27:33","guid":{"rendered":"http:\/\/eosbooks.ch.w015255e.kasserver.com\/produkt\/moser-johann-jacob-die-gerettete-voellige-souverainete-der-loeblichen-schweitzerischen-eydgenossenschafft\/"},"modified":"2026-04-29T02:27:33","modified_gmt":"2026-04-29T00:27:33","slug":"moser-johann-jacob-die-gerettete-voellige-souverainete-der-loeblichen-schweitzerischen-eydgenossenschafft","status":"publish","type":"product","link":"https:\/\/www.eosbooks.ch\/en\/produkt\/moser-johann-jacob-die-gerettete-voellige-souverainete-der-loeblichen-schweitzerischen-eydgenossenschafft\/","title":{"rendered":"Moser, Johann Jacob:  Die gerettete v\u00f6llige Souverainete der l\u00f6blichen Schweitzerischen Eydgenossenschafft"},"content":{"rendered":"<p><span class=\"autor\"> Moser, Johann Jacob: <\/span>\u00a0<span class=\"titel\" style=\"font-size: 1em\">Die gerettete v\u00f6llige Souverainete der l\u00f6blichen Schweitzerischen Eydgenossenschafft<\/span><span style=\"font-size: 1em\"> oder gr\u00fcndlicher Beweiss, dass in dem Westph\u00e4lischen Frieden von dem H. R\u00f6mischen Reich der l\u00f6bl. Eydgenossenschafft &#8230; T\u00fcbingen, Johann Heinrich Philipp Schramm, 1731. Kl.-4\u00b0. 52 S.; 84 S. Pappband der Zeit mit goldgepr. R\u00fcckenschild u. einfacher R\u00fcckenvergoldung.<\/span><\/p>\n<p class=\"kommentar1\">Barth 1972. &#8211; Vgl. ADB 372-382 (f\u00fcr Moser). &#8211; Einzige Ausgabe der den 13 Kantonen gewidmeten Abhandlung des Staatsrechtlers Johann Jacob Moser (1701-?), die w\u00e4hrend dessen T\u00fcbinger Professur entstand. Moser war auch ein fruchtbarer Schriftsteller. &#8220;In den f\u00fcnf- bis sechshundert B\u00e4nden, die er hat drucken lassen, behandelte er nach Art der damaligen Polyhistoren, die verschiedenartigsten Gegenst\u00e4nde. Von bleibender wissenschaftlicher Bedeutung ist nur was in seine Specialf\u00e4cher, das deutsche Staatsrecht und das europ\u00e4ische V\u00f6lkerrecht einschl\u00e4gt (&#8230;) Kein Publizist des Reiches hat uns ein so zuverl\u00e4ssiges urkundl. Material hinterlassen als M.&#8221; (ADB). &#8211; Mit Anstreichungen u. Marginalien von alter Hand.<\/p>\n<p>+ Wichtig: F\u00fcr unsere Kunden in der EU erfolgt der Versand alle 14 Tage verzollt ab Deutschland \/ Postbank-Konto in Deutschland vorhanden +<\/p>\n<p>Frage zu diesem Artikel\/der Abbildung &#8211; <a href=\"mailto:orders@eosbooks.ch?subject=Eine Frage zu dem Artikel\/der Abbildung 5837BB\">Kontakt<\/a>?<br \/>\n<span class=\"schlagwort\">Helvetica \u2013 Schweiz \/ Books and prints pertaining Switzerland, Geschichte \/ History, Politik &#8211; Staat \/ Politics &#8211; Government, Rechtswissenschaft &#8211; Jurisprudenz \/ Law &#8211; Jurisprudence<\/span><\/p>\n<div class=\"shariff shariff-align-left shariff-widget-align-left\"><div class=\"ShariffHeadline\"><hr><\/div><ul class=\"shariff-buttons theme-round orientation-horizontal buttonsize-medium\"><li class=\"shariff-button facebook shariff-nocustomcolor\" style=\"background-color:#4273c8\"><a href=\"https:\/\/www.facebook.com\/sharer\/sharer.php?u=https%3A%2F%2Fwww.eosbooks.ch%2Fen%2Fprodukt%2Fmoser-johann-jacob-die-gerettete-voellige-souverainete-der-loeblichen-schweitzerischen-eydgenossenschafft%2F\" title=\"Bei Facebook teilen\" aria-label=\"Bei Facebook teilen\" role=\"button\" rel=\"nofollow\" class=\"shariff-link\" style=\"; background-color:#3b5998; color:#fff\" target=\"_blank\"><span class=\"shariff-icon\" style=\"\"><svg width=\"32px\" height=\"20px\" xmlns=\"http:\/\/www.w3.org\/2000\/svg\" viewBox=\"0 0 18 32\"><path fill=\"#3b5998\" d=\"M17.1 0.2v4.7h-2.8q-1.5 0-2.1 0.6t-0.5 1.9v3.4h5.2l-0.7 5.3h-4.5v13.6h-5.5v-13.6h-4.5v-5.3h4.5v-3.9q0-3.3 1.9-5.2t5-1.8q2.6 0 4.1 0.2z\"\/><\/svg><\/span><\/a><\/li><li class=\"shariff-button twitter shariff-nocustomcolor\" style=\"background-color:#595959\"><a href=\"https:\/\/twitter.com\/share?url=https%3A%2F%2Fwww.eosbooks.ch%2Fen%2Fprodukt%2Fmoser-johann-jacob-die-gerettete-voellige-souverainete-der-loeblichen-schweitzerischen-eydgenossenschafft%2F&text=Moser%2C%20Johann%20Jacob%3A%20%20Die%20gerettete%20v%C3%B6llige%20Souverainete%20der%20l%C3%B6blichen%20Schweitzerischen%20Eydgenossenschafft\" title=\"Bei X teilen\" aria-label=\"Bei X teilen\" role=\"button\" rel=\"noopener nofollow\" class=\"shariff-link\" style=\"; background-color:#000; color:#fff\" target=\"_blank\"><span class=\"shariff-icon\" style=\"\"><svg width=\"32px\" height=\"20px\" xmlns=\"http:\/\/www.w3.org\/2000\/svg\" viewBox=\"0 0 24 24\"><path fill=\"#000\" d=\"M14.258 10.152L23.176 0h-2.113l-7.747 8.813L7.133 0H0l9.352 13.328L0 23.973h2.113l8.176-9.309 6.531 9.309h7.133zm-2.895 3.293l-.949-1.328L2.875 1.56h3.246l6.086 8.523.945 1.328 7.91 11.078h-3.246zm0 0\"\/><\/svg><\/span><\/a><\/li><li class=\"shariff-button linkedin shariff-nocustomcolor\" style=\"background-color:#1488bf\"><a href=\"https:\/\/www.linkedin.com\/sharing\/share-offsite\/?url=https%3A%2F%2Fwww.eosbooks.ch%2Fen%2Fprodukt%2Fmoser-johann-jacob-die-gerettete-voellige-souverainete-der-loeblichen-schweitzerischen-eydgenossenschafft%2F\" title=\"Bei LinkedIn teilen\" aria-label=\"Bei LinkedIn teilen\" role=\"button\" rel=\"noopener nofollow\" class=\"shariff-link\" style=\"; background-color:#0077b5; color:#fff\" target=\"_blank\"><span class=\"shariff-icon\" style=\"\"><svg width=\"32px\" height=\"20px\" xmlns=\"http:\/\/www.w3.org\/2000\/svg\" viewBox=\"0 0 27 32\"><path fill=\"#0077b5\" d=\"M6.2 11.2v17.7h-5.9v-17.7h5.9zM6.6 5.7q0 1.3-0.9 2.2t-2.4 0.9h0q-1.5 0-2.4-0.9t-0.9-2.2 0.9-2.2 2.4-0.9 2.4 0.9 0.9 2.2zM27.4 18.7v10.1h-5.9v-9.5q0-1.9-0.7-2.9t-2.3-1.1q-1.1 0-1.9 0.6t-1.2 1.5q-0.2 0.5-0.2 1.4v9.9h-5.9q0-7.1 0-11.6t0-5.3l0-0.9h5.9v2.6h0q0.4-0.6 0.7-1t1-0.9 1.6-0.8 2-0.3q3 0 4.9 2t1.9 6z\"\/><\/svg><\/span><\/a><\/li><\/ul><\/div>","protected":false},"excerpt":{"rendered":"<p>Moser, Johann Jacob: \u00a0Die gerettete v\u00f6llige Souverainete der l\u00f6blichen Schweitzerischen Eydgenossenschafft oder gr\u00fcndlicher Beweiss, dass in dem Westph\u00e4lischen Frieden von dem H. R\u00f6mischen Reich der l\u00f6bl. Eydgenossenschafft &#8230; T\u00fcbingen, Johann Heinrich Philipp Schramm, 1731. Kl.-4\u00b0. 52 S.; 84 S. Pappband der Zeit mit goldgepr. R\u00fcckenschild u. einfacher R\u00fcckenvergoldung. Barth 1972. &#8211; Vgl. ADB 372-382 (f\u00fcr [&hellip;]<\/p>\n","protected":false},"featured_media":9738474,"comment_status":"closed","ping_status":"closed","template":"","meta":[],"product_brand":[],"product_cat":[795],"product_tag":[],"class_list":{"0":"post-53842","1":"product","2":"type-product","3":"status-publish","4":"has-post-thumbnail","6":"product_cat-helvetica-schweiz-books-and-prints-pertaining-switzerland","8":"first","9":"instock","10":"taxable","11":"shipping-taxable","12":"purchasable","13":"product-type-simple"},"aioseo_notices":[],"_links":{"self":[{"href":"https:\/\/www.eosbooks.ch\/en\/wp-json\/wp\/v2\/product\/53842","targetHints":{"allow":["GET"]}}],"collection":[{"href":"https:\/\/www.eosbooks.ch\/en\/wp-json\/wp\/v2\/product"}],"about":[{"href":"https:\/\/www.eosbooks.ch\/en\/wp-json\/wp\/v2\/types\/product"}],"replies":[{"embeddable":true,"href":"https:\/\/www.eosbooks.ch\/en\/wp-json\/wp\/v2\/comments?post=53842"}],"wp:featuredmedia":[{"embeddable":true,"href":"https:\/\/www.eosbooks.ch\/en\/wp-json\/wp\/v2\/media\/9738474"}],"wp:attachment":[{"href":"https:\/\/www.eosbooks.ch\/en\/wp-json\/wp\/v2\/media?parent=53842"}],"wp:term":[{"taxonomy":"product_brand","embeddable":true,"href":"https:\/\/www.eosbooks.ch\/en\/wp-json\/wp\/v2\/product_brand?post=53842"},{"taxonomy":"product_cat","embeddable":true,"href":"https:\/\/www.eosbooks.ch\/en\/wp-json\/wp\/v2\/product_cat?post=53842"},{"taxonomy":"product_tag","embeddable":true,"href":"https:\/\/www.eosbooks.ch\/en\/wp-json\/wp\/v2\/product_tag?post=53842"}],"curies":[{"name":"wp","href":"https:\/\/api.w.org\/{rel}","templated":true}]}}

Moser, Johann Jacob:  Die gerettete völlige Souverainete der löblichen Schweitzerischen Eydgenossenschafft

<p><span class="autor"> Moser, Johann Jacob: </span> <span class="titel" style="font-size: 1em">Die gerettete völlige Souverainete der löblichen Schweitzerischen Eydgenossenschafft</span><span style="font-size: 1em"> oder gründlicher Beweiss, dass in dem Westphälischen Frieden von dem H. Römischen Reich der löbl. Eydgenossenschafft &#8230; Tübingen, Johann Heinrich Philipp Schramm, 1731. Kl.-4°. 52 S.; 84 S. Pappband der Zeit mit goldgepr. Rückenschild u. einfacher Rückenvergoldung.</span></p>
<p class="kommentar1">Barth 1972. &#8211; Vgl. ADB 372-382 (für Moser). &#8211; Einzige Ausgabe der den 13 Kantonen gewidmeten Abhandlung des Staatsrechtlers Johann Jacob Moser (1701-?), die während dessen Tübinger Professur entstand. Moser war auch ein fruchtbarer Schriftsteller. &#8220;In den fünf- bis sechshundert Bänden, die er hat drucken lassen, behandelte er nach Art der damaligen Polyhistoren, die verschiedenartigsten Gegenstände. Von bleibender wissenschaftlicher Bedeutung ist nur was in seine Specialfächer, das deutsche Staatsrecht und das europäische Völkerrecht einschlägt (&#8230;) Kein Publizist des Reiches hat uns ein so zuverlässiges urkundl. Material hinterlassen als M.&#8221; (ADB). &#8211; Mit Anstreichungen u. Marginalien von alter Hand.</p>
<p>+ Wichtig: Für unsere Kunden in der EU erfolgt der Versand alle 14 Tage verzollt ab Deutschland / Postbank-Konto in Deutschland vorhanden +</p>
<p>Frage zu diesem Artikel/der Abbildung &#8211; <a href="mailto:orders@eosbooks.ch?subject=Eine Frage zu dem Artikel/der Abbildung 5837BB">Kontakt</a>?<br />
<span class="schlagwort">Helvetica – Schweiz / Books and prints pertaining Switzerland, Geschichte / History, Politik &#8211; Staat / Politics &#8211; Government, Rechtswissenschaft &#8211; Jurisprudenz / Law &#8211; Jurisprudence</span></p>
<div class="shariff shariff-align-left shariff-widget-align-left"><div class="ShariffHeadline"><hr></div><ul class="shariff-buttons theme-round orientation-horizontal buttonsize-medium"><li class="shariff-button facebook shariff-nocustomcolor" style="background-color:#4273c8"><a href="https://www.facebook.com/sharer/sharer.php?u=https%3A%2F%2Fwww.eosbooks.ch%2Fen%2Fprodukt%2Fmoser-johann-jacob-die-gerettete-voellige-souverainete-der-loeblichen-schweitzerischen-eydgenossenschafft%2F" title="Bei Facebook teilen" aria-label="Bei Facebook teilen" role="button" rel="nofollow" class="shariff-link" style="; background-color:#3b5998; color:#fff" target="_blank"><span class="shariff-icon" style=""><svg width="32px" height="20px" xmlns="http://www.w3.org/2000/svg" viewBox="0 0 18 32"><path fill="#3b5998" d="M17.1 0.2v4.7h-2.8q-1.5 0-2.1 0.6t-0.5 1.9v3.4h5.2l-0.7 5.3h-4.5v13.6h-5.5v-13.6h-4.5v-5.3h4.5v-3.9q0-3.3 1.9-5.2t5-1.8q2.6 0 4.1 0.2z"/></svg></span></a></li><li class="shariff-button twitter shariff-nocustomcolor" style="background-color:#595959"><a href="https://twitter.com/share?url=https%3A%2F%2Fwww.eosbooks.ch%2Fen%2Fprodukt%2Fmoser-johann-jacob-die-gerettete-voellige-souverainete-der-loeblichen-schweitzerischen-eydgenossenschafft%2F&text=Moser%2C%20Johann%20Jacob%3A%20%20Die%20gerettete%20v%C3%B6llige%20Souverainete%20der%20l%C3%B6blichen%20Schweitzerischen%20Eydgenossenschafft" title="Bei X teilen" aria-label="Bei X teilen" role="button" rel="noopener nofollow" class="shariff-link" style="; background-color:#000; color:#fff" target="_blank"><span class="shariff-icon" style=""><svg width="32px" height="20px" xmlns="http://www.w3.org/2000/svg" viewBox="0 0 24 24"><path fill="#000" d="M14.258 10.152L23.176 0h-2.113l-7.747 8.813L7.133 0H0l9.352 13.328L0 23.973h2.113l8.176-9.309 6.531 9.309h7.133zm-2.895 3.293l-.949-1.328L2.875 1.56h3.246l6.086 8.523.945 1.328 7.91 11.078h-3.246zm0 0"/></svg></span></a></li><li class="shariff-button linkedin shariff-nocustomcolor" style="background-color:#1488bf"><a href="https://www.linkedin.com/sharing/share-offsite/?url=https%3A%2F%2Fwww.eosbooks.ch%2Fen%2Fprodukt%2Fmoser-johann-jacob-die-gerettete-voellige-souverainete-der-loeblichen-schweitzerischen-eydgenossenschafft%2F" title="Bei LinkedIn teilen" aria-label="Bei LinkedIn teilen" role="button" rel="noopener nofollow" class="shariff-link" style="; background-color:#0077b5; color:#fff" target="_blank"><span class="shariff-icon" style=""><svg width="32px" height="20px" xmlns="http://www.w3.org/2000/svg" viewBox="0 0 27 32"><path fill="#0077b5" d="M6.2 11.2v17.7h-5.9v-17.7h5.9zM6.6 5.7q0 1.3-0.9 2.2t-2.4 0.9h0q-1.5 0-2.4-0.9t-0.9-2.2 0.9-2.2 2.4-0.9 2.4 0.9 0.9 2.2zM27.4 18.7v10.1h-5.9v-9.5q0-1.9-0.7-2.9t-2.3-1.1q-1.1 0-1.9 0.6t-1.2 1.5q-0.2 0.5-0.2 1.4v9.9h-5.9q0-7.1 0-11.6t0-5.3l0-0.9h5.9v2.6h0q0.4-0.6 0.7-1t1-0.9 1.6-0.8 2-0.3q3 0 4.9 2t1.9 6z"/></svg></span></a></li></ul></div>

<p>Moser, Johann Jacob:  Die gerettete völlige Souverainete der löblichen Schweitzerischen Eydgenossenschafft oder gründlicher Beweiss, dass in dem Westphälischen Frieden von dem H. Römischen Reich der löbl. Eydgenossenschafft &#8230; Tübingen, Johann Heinrich Philipp Schramm, 1731. Kl.-4°. 52 S.; 84 S. Pappband der Zeit mit goldgepr. Rückenschild u. einfacher Rückenvergoldung. Barth 1972. &#8211; Vgl. ADB 372-382 (für [&hellip;]</p>
